{"id":3793,"date":"2021-10-12T11:52:04","date_gmt":"2021-10-12T09:52:04","guid":{"rendered":"https:\/\/cinfrance.fr\/?page_id=3793"},"modified":"2021-11-15T11:46:47","modified_gmt":"2021-11-15T10:46:47","slug":"quicky","status":"publish","type":"page","link":"https:\/\/cinfrance.fr\/index.php\/quicky\/","title":{"rendered":"Quicky"},"content":{"rendered":"<div class=\"wpb-content-wrapper\"><p>[vc_section full_width=\u00a0\u00bbstretch_row\u00a0\u00bb pix_over_visibility=\u00a0\u00bb\u00a0\u00bb responsive_css=\u00a0\u00bb{\u00ab\u00a0pix_res_sm_pt\u00ab\u00a0:\u00ab\u00a040\u00ab\u00a0,\u00ab\u00a0pix_res_sm_pb\u00ab\u00a0:\u00ab\u00a040\u00ab\u00a0,\u00ab\u00a0pix_res_md_pt\u00ab\u00a0:\u00ab\u00a040\u00ab\u00a0,\u00ab\u00a0pix_res_md_pb\u00ab\u00a0:\u00ab\u00a040\u00ab\u00a0}\u00a0\u00bb css=\u00a0\u00bb.vc_custom_1634032875363{padding-top: 0px !important;padding-bottom: 0px !important;}\u00a0\u00bb t_custom_height=\u00a0\u00bb300px\u00a0\u00bb b_custom_height=\u00a0\u00bb300px\u00a0\u00bb][vc_row pix_particles_check=\u00a0\u00bb\u00a0\u00bb][vc_column]<div class=\"pix-el-text slide-in-container w-100 text-center \" ><div class=\"d-inline-block\" style=\"max-width:600px;\"><p class=\"  text-dark-opacity-5 text-center \" >Le portail QUICKY permet de saisir manuellement des informations. Ces informations saisies peuvent venir en compl\u00e9ment des informations d\u00e9j\u00e0 re\u00e7ues via les syst\u00e8mes interfac\u00e9s, ou bien en totale autonomie (si absence de syst\u00e8me informatique chez l\u2019adh\u00e9rent). Ces saisies se font pour les diff\u00e9rents modules du CIN.<\/p><\/div><\/div>[\/vc_column][\/vc_row][\/vc_section][vc_section full_width=\u00a0\u00bbstretch_row\u00a0\u00bb pix_over_visibility=\u00a0\u00bb\u00a0\u00bb responsive_css=\u00a0\u00bb{\u00ab\u00a0pix_res_sm_pt\u00ab\u00a0:\u00ab\u00a040\u00ab\u00a0,\u00ab\u00a0pix_res_sm_pb\u00ab\u00a0:\u00ab\u00a040\u00ab\u00a0,\u00ab\u00a0pix_res_md_pt\u00ab\u00a0:\u00ab\u00a040\u00ab\u00a0,\u00ab\u00a0pix_res_md_pb\u00ab\u00a0:\u00ab\u00a040\u00ab\u00a0}\u00a0\u00bb css=\u00a0\u00bb.vc_custom_1634041612826{padding-top: 0px !important;padding-bottom: 0px !important;background-color: #eff5f9 !important;}\u00a0\u00bb t_custom_height=\u00a0\u00bb300px\u00a0\u00bb b_custom_height=\u00a0\u00bb300px\u00a0\u00bb][vc_row full_width=\u00a0\u00bbstretch_row\u00a0\u00bb content_placement=\u00a0\u00bbbottom\u00a0\u00bb pix_particles_check=\u00a0\u00bb\u00a0\u00bb][vc_column width=\u00a0\u00bb1\/2&Prime; css=\u00a0\u00bb.vc_custom_1559101053478{padding: 30px !important;}\u00a0\u00bb]<div id=\"1634025768441-caf75e78-7500\" class=\"text-left  vc_custom_1634041584741\"><div class=\"feature_img animate-in\" data-anim-type=\"fade-in-up\" data-anim-delay=\"400\" style=\"width:74px;height:auto;display:inline-block;position:relative;\"><img decoding=\"async\" style=\"width:74px;height:74px;\" class=\"img-fluid2 pix-fit-cover2 pix-fit-contain  \" src=\"https:\/\/cinfrance.fr\/wp-content\/uploads\/2021\/10\/quicky-ict@2x.png\" alt=\"IST\"><\/div><h3 class=\"font-weight-bold   text-heading-default animate-in\" style=\"padding-top:20px;\" data-anim-type=\"fade-in-up\" data-anim-delay=\"500\">IST<\/h3><div class=\"text-text-gray text-18     animate-in\" style=\"padding-top:20px;\" data-anim-type=\"fade-in-up\" data-anim-delay=\"600\"><\/div><\/div><div id=\"duo-icon-109241462\" class=\"slide-in-container w-100  \" ><div class=\"py-2 \"  ><div class=\"pix-feature-list        py-2 d-flex align-items-center\" ><i class=\"fas fa-check-circle mr-2 text-green\" ><\/i><span class=\"text-dark-opacity-5\">Le portail permet la saisie des mouvements d\u2019entr\u00e9e\/ sortie\/Consolidation\/D\u00e9consolidation et corrections des marchandises en magasin.<\/span><\/div><div class=\"pix-feature-list        py-2 d-flex align-items-center\" ><i class=\"fas fa-check-circle mr-2 text-green\" ><\/i><span class=\"text-dark-opacity-5\">Ces saisies permettent d\u2019alimenter le SDM et la comptabilit\u00e9 mati\u00e8re du magasin concern\u00e9.<\/span><\/div><div class=\"pix-feature-list        py-2 d-flex align-items-center\" ><i class=\"fas fa-check-circle mr-2 text-green\" ><\/i><span class=\"text-dark-opacity-5\">Pour les magasins de compagnies a\u00e9riennes il est possible de faire les entr\u00e9es\/sorties \u00e0 partir d\u2019un manifeste de vol.<\/span><\/div><div class=\"pix-feature-list        py-2 d-flex align-items-center\" ><i class=\"fas fa-check-circle mr-2 text-green\" ><\/i><span class=\"text-dark-opacity-5\">La comptabilit\u00e9 mati\u00e8re est ainsi totalement digitalis\u00e9e sur le CIN.<\/span><\/div><\/div><\/div>[\/vc_column][vc_column width=\u00a0\u00bb1\/2&Prime;]<div class=\"pix-fancy-mockup\"><div class=\"pix-fancy-content\"><img decoding=\"async\" class=\"\" src=\"https:\/\/cinfrance.fr\/wp-content\/uploads\/2021\/10\/quicky-screen-mockup.png\" srcset=\"https:\/\/cinfrance.fr\/wp-content\/uploads\/2021\/10\/quicky-screen-mockup-300x223.png 300w, https:\/\/cinfrance.fr\/wp-content\/uploads\/2021\/10\/quicky-screen-mockup-768x570.png 768w, https:\/\/cinfrance.fr\/wp-content\/uploads\/2021\/10\/quicky-screen-mockup.png 940w\" sizes=\"(max-width: 940px) 100vw, 940px\" alt=\"\"><\/div>\n                    <img decoding=\"async\" class=\"pix-fancy-device-img\" src=\"https:\/\/cinfrance.fr\/wp-content\/plugins\/pixfort-core\/functions\/images\/ipad.png\" alt=\"\"><\/div>[\/vc_column][\/vc_row][\/vc_section][vc_section full_width=\u00a0\u00bbstretch_row\u00a0\u00bb pix_over_visibility=\u00a0\u00bb\u00a0\u00bb responsive_css=\u00a0\u00bb{\u00ab\u00a0pix_res_sm_pt\u00ab\u00a0:\u00ab\u00a040\u00ab\u00a0,\u00ab\u00a0pix_res_sm_pb\u00ab\u00a0:\u00ab\u00a040\u00ab\u00a0,\u00ab\u00a0pix_res_md_pt\u00ab\u00a0:\u00ab\u00a040\u00ab\u00a0,\u00ab\u00a0pix_res_md_pb\u00ab\u00a0:\u00ab\u00a040\u00ab\u00a0}\u00a0\u00bb css=\u00a0\u00bb.vc_custom_1634033041125{padding-top: 0px !important;padding-bottom: 0px !important;background-color: #fef2df !important;}\u00a0\u00bb t_custom_height=\u00a0\u00bb300px\u00a0\u00bb b_custom_height=\u00a0\u00bb300px\u00a0\u00bb][vc_row full_width=\u00a0\u00bbstretch_row\u00a0\u00bb content_placement=\u00a0\u00bbbottom\u00a0\u00bb pix_particles_check=\u00a0\u00bb\u00a0\u00bb][vc_column width=\u00a0\u00bb1\/2&Prime; css=\u00a0\u00bb.vc_custom_1559101053478{padding: 30px !important;}\u00a0\u00bb]<div id=\"1634032992984-09b1a841-5c86\" class=\"text-left  vc_custom_1634041675906\"><div class=\"feature_img animate-in\" data-anim-type=\"fade-in-up\" data-anim-delay=\"400\" style=\"width:74px;height:auto;display:inline-block;position:relative;\"><img decoding=\"async\" style=\"width:74px;height:74px;\" class=\"img-fluid2 pix-fit-cover2 pix-fit-contain  \" src=\"https:\/\/cinfrance.fr\/wp-content\/uploads\/2021\/10\/quicky-flight@2x.png\" alt=\"Flight\"><\/div><h3 class=\"font-weight-bold   text-heading-default animate-in\" style=\"padding-top:20px;\" data-anim-type=\"fade-in-up\" data-anim-delay=\"500\">Flight<\/h3><div class=\"text-text-gray text-18     animate-in\" style=\"padding-top:20px;\" data-anim-type=\"fade-in-up\" data-anim-delay=\"600\"><\/div><\/div><div class=\"pix-el-text slide-in-container w-100  \" ><p class=\"  text-dark-opacity-5  \" >Ce module permet la saisie :<\/p><\/div><div id=\"duo-icon-161039718\" class=\"slide-in-container w-100  \" ><div class=\"py-2 \"  ><div class=\"pix-feature-list        py-2 d-flex align-items-center\" ><i class=\"fas fa-check-circle mr-2 text-green\" ><\/i><span class=\"text-dark-opacity-5\"> D\u2019un manifeste de vol afin de g\u00e9n\u00e9rer un e-FFM<\/span><\/div><div class=\"pix-feature-list        py-2 d-flex align-items-center\" ><i class=\"fas fa-check-circle mr-2 text-green\" ><\/i><span class=\"text-dark-opacity-5\">Une LTA afin de g\u00e9n\u00e9rer une e-AWB<\/span><\/div><div class=\"pix-feature-list        py-2 d-flex align-items-center\" ><i class=\"fas fa-check-circle mr-2 text-green\" ><\/i><span class=\"text-dark-opacity-5\">D\u2019un house afin de g\u00e9n\u00e9rer un e-FHL<\/span><\/div><\/div><\/div><div class=\"pix-el-text slide-in-container w-100  \" ><p class=\"  text-dark-opacity-5  \" >Ces donn\u00e9es permettent d\u2019alimenter le portail du CIN et de compl\u00e9ter l\u2019ECS ou l\u2019ICS.<\/p><\/div>[\/vc_column][vc_column width=\u00a0\u00bb1\/2&Prime;]<div class=\"pix-fancy-mockup\"><div class=\"pix-fancy-content\"><img decoding=\"async\" class=\"\" src=\"https:\/\/cinfrance.fr\/wp-content\/uploads\/2021\/10\/quicky-flight-screen-mockup.png\" srcset=\"https:\/\/cinfrance.fr\/wp-content\/uploads\/2021\/10\/quicky-flight-screen-mockup-300x224.png 300w, https:\/\/cinfrance.fr\/wp-content\/uploads\/2021\/10\/quicky-flight-screen-mockup-768x574.png 768w, https:\/\/cinfrance.fr\/wp-content\/uploads\/2021\/10\/quicky-flight-screen-mockup-600x450.png 600w, https:\/\/cinfrance.fr\/wp-content\/uploads\/2021\/10\/quicky-flight-screen-mockup.png 952w\" sizes=\"(max-width: 952px) 100vw, 952px\" alt=\"\"><\/div>\n                    <img decoding=\"async\" class=\"pix-fancy-device-img\" src=\"https:\/\/cinfrance.fr\/wp-content\/plugins\/pixfort-core\/functions\/images\/ipad.png\" alt=\"\"><\/div>[\/vc_column][\/vc_row][\/vc_section][vc_section full_width=\u00a0\u00bbstretch_row\u00a0\u00bb pix_over_visibility=\u00a0\u00bb\u00a0\u00bb responsive_css=\u00a0\u00bb{\u00ab\u00a0pix_res_sm_pt\u00ab\u00a0:\u00ab\u00a040\u00ab\u00a0,\u00ab\u00a0pix_res_sm_pb\u00ab\u00a0:\u00ab\u00a040\u00ab\u00a0,\u00ab\u00a0pix_res_md_pt\u00ab\u00a0:\u00ab\u00a040\u00ab\u00a0,\u00ab\u00a0pix_res_md_pb\u00ab\u00a0:\u00ab\u00a040\u00ab\u00a0}\u00a0\u00bb css=\u00a0\u00bb.vc_custom_1634033260886{padding-top: 0px !important;padding-bottom: 0px !important;background-color: #fcdedd !important;}\u00a0\u00bb t_custom_height=\u00a0\u00bb300px\u00a0\u00bb b_custom_height=\u00a0\u00bb300px\u00a0\u00bb][vc_row full_width=\u00a0\u00bbstretch_row\u00a0\u00bb content_placement=\u00a0\u00bbbottom\u00a0\u00bb pix_particles_check=\u00a0\u00bb\u00a0\u00bb][vc_column width=\u00a0\u00bb1\/2&Prime; css=\u00a0\u00bb.vc_custom_1559101053478{padding: 30px !important;}\u00a0\u00bb]<div id=\"1634033156920-db8b74d1-06c6\" class=\"text-left  vc_custom_1634041649731\"><div class=\"feature_img animate-in\" data-anim-type=\"fade-in-up\" data-anim-delay=\"400\" style=\"width:74px;height:auto;display:inline-block;position:relative;\"><img decoding=\"async\" style=\"width:74px;height:74px;\" class=\"img-fluid2 pix-fit-cover2 pix-fit-contain  \" src=\"https:\/\/cinfrance.fr\/wp-content\/uploads\/2021\/10\/quicky-truck@2x.png\" alt=\"Truck\"><\/div><h3 class=\"font-weight-bold   text-heading-default animate-in\" style=\"padding-top:20px;\" data-anim-type=\"fade-in-up\" data-anim-delay=\"500\">Truck<\/h3><div class=\"text-text-gray text-18     animate-in\" style=\"padding-top:20px;\" data-anim-type=\"fade-in-up\" data-anim-delay=\"600\"><\/div><\/div><div class=\"pix-el-text slide-in-container w-100  \" ><p class=\"  text-dark-opacity-5  \" >Dans le cadre de l\u2019ICS, ce module permet \u00e0 la soci\u00e9t\u00e9 de camionnage d\u2019entrer ses informations \u00abCamion\u00bb : Immatriculation, date de d\u00e9part estim\u00e9e, date de passage estim\u00e9e \u00e0 la fronti\u00e8re, bureau de passage et type de transport combin\u00e9 (Maritime\/Ferroviaire).<\/p>\n<p>Ces informations sont compl\u00e9t\u00e9es par les informations \u00abvol\u00bb envoy\u00e9s par la compagnie a\u00e9rienne : N\u00b0 de vol et manifeste de vol.<\/p>\n<p>Une fois l\u2019ensemble des informations re\u00e7u, la demande d\u2019ENS est envoy\u00e9e \u00e0 la Douane. La soci\u00e9t\u00e9 de camionnage peut ensuite indiquer si le camion a \u00e9t\u00e9 contr\u00f4l\u00e9 \u00e0 la fronti\u00e8re et son temps d\u2019attente<\/p><\/div>[\/vc_column][vc_column width=\u00a0\u00bb1\/2&Prime;]<div class=\"pix-fancy-mockup\"><div class=\"pix-fancy-content\"><img decoding=\"async\" class=\"\" src=\"https:\/\/cinfrance.fr\/wp-content\/uploads\/2021\/10\/quicky-truck-screen-mcokup.png\" srcset=\"https:\/\/cinfrance.fr\/wp-content\/uploads\/2021\/10\/quicky-truck-screen-mcokup-300x223.png 300w, https:\/\/cinfrance.fr\/wp-content\/uploads\/2021\/10\/quicky-truck-screen-mcokup-768x572.png 768w, https:\/\/cinfrance.fr\/wp-content\/uploads\/2021\/10\/quicky-truck-screen-mcokup.png 943w\" sizes=\"(max-width: 943px) 100vw, 943px\" alt=\"\"><\/div>\n                    <img decoding=\"async\" class=\"pix-fancy-device-img\" src=\"https:\/\/cinfrance.fr\/wp-content\/plugins\/pixfort-core\/functions\/images\/ipad.png\" alt=\"\"><\/div>[\/vc_column][\/vc_row][\/vc_section][vc_row full_width=\u00a0\u00bbstretch_row\u00a0\u00bb equal_height=\u00a0\u00bbyes\u00a0\u00bb pix_particles_check=\u00a0\u00bb\u00a0\u00bb][vc_column width=\u00a0\u00bb1\/12&Prime;][\/vc_column][vc_column width=\u00a0\u00bb10\/12&Prime;]<div  class=\"pix-heading-el text-center  vc_custom_1634042060084\"><div><div class=\"slide-in-container\"><h3 class=\"text-secondary font-weight-bold heading-text el-title_custom_color mb-12\" style=\"\" data-anim-type=\"\" data-anim-delay=\"0\">D\u00e9couvrez nos articles Quicky<\/h3><\/div><\/div><\/div><div class=\"row  \"><\/div>\n[\/vc_column][vc_column width=\u00a0\u00bb1\/12&Prime;][\/vc_column][\/vc_row]<\/p>\n<\/div>","protected":false},"excerpt":{"rendered":"[vc_section full_width=\u00a0\u00bbstretch_row\u00a0\u00bb pix_over_visibility=\u00a0\u00bb\u00a0\u00bb responsive_css=\u00a0\u00bb{\u00ab\u00a0pix_res_sm_pt\u00ab\u00a0:\u00ab\u00a040\u00ab\u00a0,\u00ab\u00a0pix_res_sm_pb\u00ab\u00a0:\u00ab\u00a040\u00ab\u00a0,\u00ab\u00a0pix_res_md_pt\u00ab\u00a0:\u00ab\u00a040\u00ab\u00a0,\u00ab\u00a0pix_res_md_pb\u00ab\u00a0:\u00ab\u00a040\u00ab\u00a0}\u00a0\u00bb css=\u00a0\u00bb.vc_custom_1634032875363{padding-top: 0px !important;padding-bottom: 0px !important;}\u00a0\u00bb t_custom_height=\u00a0\u00bb300px\u00a0\u00bb b_custom_height=\u00a0\u00bb300px\u00a0\u00bb][vc_row pix_particles_check=\u00a0\u00bb\u00a0\u00bb][vc_column][\/vc_column][\/vc_row][\/vc_section][vc_section full_width=\u00a0\u00bbstretch_row\u00a0\u00bb pix_over_visibility=\u00a0\u00bb\u00a0\u00bb responsive_css=\u00a0\u00bb{\u00ab\u00a0pix_res_sm_pt\u00ab\u00a0:\u00ab\u00a040\u00ab\u00a0,\u00ab\u00a0pix_res_sm_pb\u00ab\u00a0:\u00ab\u00a040\u00ab\u00a0,\u00ab\u00a0pix_res_md_pt\u00ab\u00a0:\u00ab\u00a040\u00ab\u00a0,\u00ab\u00a0pix_res_md_pb\u00ab\u00a0:\u00ab\u00a040\u00ab\u00a0}\u00a0\u00bb css=\u00a0\u00bb.vc_custom_1634041612826{padding-top: 0px !important;padding-bottom: 0px !important;background-color: #eff5f9 !important;}\u00a0\u00bb t_custom_height=\u00a0\u00bb300px\u00a0\u00bb b_custom_height=\u00a0\u00bb300px\u00a0\u00bb][vc_row full_width=\u00a0\u00bbstretch_row\u00a0\u00bb content_placement=\u00a0\u00bbbottom\u00a0\u00bb pix_particles_check=\u00a0\u00bb\u00a0\u00bb][vc_column width=\u00a0\u00bb1\/2&Prime; css=\u00a0\u00bb.vc_custom_1559101053478{padding: 30px !important;}\u00a0\u00bb][\/vc_column][vc_column width=\u00a0\u00bb1\/2&Prime;][\/vc_column][\/vc_row][\/vc_section][vc_section full_width=\u00a0\u00bbstretch_row\u00a0\u00bb pix_over_visibility=\u00a0\u00bb\u00a0\u00bb responsive_css=\u00a0\u00bb{\u00ab\u00a0pix_res_sm_pt\u00ab\u00a0:\u00ab\u00a040\u00ab\u00a0,\u00ab\u00a0pix_res_sm_pb\u00ab\u00a0:\u00ab\u00a040\u00ab\u00a0,\u00ab\u00a0pix_res_md_pt\u00ab\u00a0:\u00ab\u00a040\u00ab\u00a0,\u00ab\u00a0pix_res_md_pb\u00ab\u00a0:\u00ab\u00a040\u00ab\u00a0}\u00a0\u00bb css=\u00a0\u00bb.vc_custom_1634033041125{padding-top: 0px !important;padding-bottom: 0px !important;background-color:&#8230;","protected":false},"author":1,"featured_media":0,"parent":0,"menu_order":0,"comment_status":"closed","ping_status":"closed","template":"","meta":{"footnotes":""},"class_list":["post-3793","page","type-page","status-publish","hentry"],"yoast_head":"<!-- This site is optimized with the Yoast SEO plugin v22.4 - https:\/\/yoast.com\/wordpress\/plugins\/seo\/ -->\n<title>Quicky - CIN FRANCE<\/title>\n<meta name=\"robots\" content=\"noindex, follow, max-snippet:-1, max-image-preview:large, max-video-preview:-1\" \/>\n<meta property=\"og:locale\" content=\"fr_FR\" \/>\n<meta property=\"og:type\" content=\"article\" \/>\n<meta property=\"og:title\" content=\"Quicky - CIN FRANCE\" \/>\n<meta property=\"og:description\" content=\"[vc_section full_width=\u00a0\u00bbstretch_row\u00a0\u00bb pix_over_visibility=\u00a0\u00bb\u00a0\u00bb responsive_css=\u00a0\u00bb{\u00ab\u00a0pix_res_sm_pt\u00ab\u00a0:\u00ab\u00a040\u00ab\u00a0,\u00ab\u00a0pix_res_sm_pb\u00ab\u00a0:\u00ab\u00a040\u00ab\u00a0,\u00ab\u00a0pix_res_md_pt\u00ab\u00a0:\u00ab\u00a040\u00ab\u00a0,\u00ab\u00a0pix_res_md_pb\u00ab\u00a0:\u00ab\u00a040\u00ab\u00a0}\u00a0\u00bb css=\u00a0\u00bb.vc_custom_1634032875363{padding-top: 0px !important;padding-bottom: 0px !important;}\u00a0\u00bb t_custom_height=\u00a0\u00bb300px\u00a0\u00bb b_custom_height=\u00a0\u00bb300px\u00a0\u00bb][vc_row pix_particles_check=\u00a0\u00bb\u00a0\u00bb][vc_column][\/vc_column][\/vc_row][\/vc_section][vc_section full_width=\u00a0\u00bbstretch_row\u00a0\u00bb pix_over_visibility=\u00a0\u00bb\u00a0\u00bb responsive_css=\u00a0\u00bb{\u00ab\u00a0pix_res_sm_pt\u00ab\u00a0:\u00ab\u00a040\u00ab\u00a0,\u00ab\u00a0pix_res_sm_pb\u00ab\u00a0:\u00ab\u00a040\u00ab\u00a0,\u00ab\u00a0pix_res_md_pt\u00ab\u00a0:\u00ab\u00a040\u00ab\u00a0,\u00ab\u00a0pix_res_md_pb\u00ab\u00a0:\u00ab\u00a040\u00ab\u00a0}\u00a0\u00bb css=\u00a0\u00bb.vc_custom_1634041612826{padding-top: 0px !important;padding-bottom: 0px !important;background-color: #eff5f9 !important;}\u00a0\u00bb t_custom_height=\u00a0\u00bb300px\u00a0\u00bb b_custom_height=\u00a0\u00bb300px\u00a0\u00bb][vc_row full_width=\u00a0\u00bbstretch_row\u00a0\u00bb content_placement=\u00a0\u00bbbottom\u00a0\u00bb pix_particles_check=\u00a0\u00bb\u00a0\u00bb][vc_column width=\u00a0\u00bb1\/2&Prime; css=\u00a0\u00bb.vc_custom_1559101053478{padding: 30px !important;}\u00a0\u00bb][\/vc_column][vc_column width=\u00a0\u00bb1\/2&Prime;][\/vc_column][\/vc_row][\/vc_section][vc_section full_width=\u00a0\u00bbstretch_row\u00a0\u00bb pix_over_visibility=\u00a0\u00bb\u00a0\u00bb responsive_css=\u00a0\u00bb{\u00ab\u00a0pix_res_sm_pt\u00ab\u00a0:\u00ab\u00a040\u00ab\u00a0,\u00ab\u00a0pix_res_sm_pb\u00ab\u00a0:\u00ab\u00a040\u00ab\u00a0,\u00ab\u00a0pix_res_md_pt\u00ab\u00a0:\u00ab\u00a040\u00ab\u00a0,\u00ab\u00a0pix_res_md_pb\u00ab\u00a0:\u00ab\u00a040\u00ab\u00a0}\u00a0\u00bb css=\u00a0\u00bb.vc_custom_1634033041125{padding-top: 0px !important;padding-bottom: 0px !important;background-color:...\" \/>\n<meta property=\"og:url\" content=\"https:\/\/cinfrance.fr\/index.php\/quicky\/\" \/>\n<meta property=\"og:site_name\" content=\"CIN FRANCE\" \/>\n<meta property=\"article:modified_time\" content=\"2021-11-15T10:46:47+00:00\" \/>\n<meta name=\"twitter:card\" content=\"summary_large_image\" \/>\n<meta name=\"twitter:label1\" content=\"Dur\u00e9e de lecture estim\u00e9e\" \/>\n\t<meta name=\"twitter:data1\" content=\"5 minutes\" \/>\n<script type=\"application\/ld+json\" class=\"yoast-schema-graph\">{\"@context\":\"https:\/\/schema.org\",\"@graph\":[{\"@type\":\"WebPage\",\"@id\":\"https:\/\/cinfrance.fr\/index.php\/quicky\/\",\"url\":\"https:\/\/cinfrance.fr\/index.php\/quicky\/\",\"name\":\"Quicky - CIN FRANCE\",\"isPartOf\":{\"@id\":\"https:\/\/cinfrance.fr\/#website\"},\"datePublished\":\"2021-10-12T09:52:04+00:00\",\"dateModified\":\"2021-11-15T10:46:47+00:00\",\"breadcrumb\":{\"@id\":\"https:\/\/cinfrance.fr\/index.php\/quicky\/#breadcrumb\"},\"inLanguage\":\"fr-FR\",\"potentialAction\":[{\"@type\":\"ReadAction\",\"target\":[\"https:\/\/cinfrance.fr\/index.php\/quicky\/\"]}]},{\"@type\":\"BreadcrumbList\",\"@id\":\"https:\/\/cinfrance.fr\/index.php\/quicky\/#breadcrumb\",\"itemListElement\":[{\"@type\":\"ListItem\",\"position\":1,\"name\":\"Accueil\",\"item\":\"https:\/\/cinfrance.fr\/\"},{\"@type\":\"ListItem\",\"position\":2,\"name\":\"Quicky\"}]},{\"@type\":\"WebSite\",\"@id\":\"https:\/\/cinfrance.fr\/#website\",\"url\":\"https:\/\/cinfrance.fr\/\",\"name\":\"CIN FRANCE\",\"description\":\"Cargo information network france\",\"potentialAction\":[{\"@type\":\"SearchAction\",\"target\":{\"@type\":\"EntryPoint\",\"urlTemplate\":\"https:\/\/cinfrance.fr\/?s={search_term_string}\"},\"query-input\":\"required name=search_term_string\"}],\"inLanguage\":\"fr-FR\"}]}<\/script>\n<!-- \/ Yoast SEO plugin. -->","yoast_head_json":{"title":"Quicky - CIN FRANCE","robots":{"index":"noindex","follow":"follow","max-snippet":"max-snippet:-1","max-image-preview":"max-image-preview:large","max-video-preview":"max-video-preview:-1"},"og_locale":"fr_FR","og_type":"article","og_title":"Quicky - CIN FRANCE","og_description":"[vc_section full_width=\u00a0\u00bbstretch_row\u00a0\u00bb pix_over_visibility=\u00a0\u00bb\u00a0\u00bb responsive_css=\u00a0\u00bb{\u00ab\u00a0pix_res_sm_pt\u00ab\u00a0:\u00ab\u00a040\u00ab\u00a0,\u00ab\u00a0pix_res_sm_pb\u00ab\u00a0:\u00ab\u00a040\u00ab\u00a0,\u00ab\u00a0pix_res_md_pt\u00ab\u00a0:\u00ab\u00a040\u00ab\u00a0,\u00ab\u00a0pix_res_md_pb\u00ab\u00a0:\u00ab\u00a040\u00ab\u00a0}\u00a0\u00bb css=\u00a0\u00bb.vc_custom_1634032875363{padding-top: 0px !important;padding-bottom: 0px !important;}\u00a0\u00bb t_custom_height=\u00a0\u00bb300px\u00a0\u00bb b_custom_height=\u00a0\u00bb300px\u00a0\u00bb][vc_row pix_particles_check=\u00a0\u00bb\u00a0\u00bb][vc_column][\/vc_column][\/vc_row][\/vc_section][vc_section full_width=\u00a0\u00bbstretch_row\u00a0\u00bb pix_over_visibility=\u00a0\u00bb\u00a0\u00bb responsive_css=\u00a0\u00bb{\u00ab\u00a0pix_res_sm_pt\u00ab\u00a0:\u00ab\u00a040\u00ab\u00a0,\u00ab\u00a0pix_res_sm_pb\u00ab\u00a0:\u00ab\u00a040\u00ab\u00a0,\u00ab\u00a0pix_res_md_pt\u00ab\u00a0:\u00ab\u00a040\u00ab\u00a0,\u00ab\u00a0pix_res_md_pb\u00ab\u00a0:\u00ab\u00a040\u00ab\u00a0}\u00a0\u00bb css=\u00a0\u00bb.vc_custom_1634041612826{padding-top: 0px !important;padding-bottom: 0px !important;background-color: #eff5f9 !important;}\u00a0\u00bb t_custom_height=\u00a0\u00bb300px\u00a0\u00bb b_custom_height=\u00a0\u00bb300px\u00a0\u00bb][vc_row full_width=\u00a0\u00bbstretch_row\u00a0\u00bb content_placement=\u00a0\u00bbbottom\u00a0\u00bb pix_particles_check=\u00a0\u00bb\u00a0\u00bb][vc_column width=\u00a0\u00bb1\/2&Prime; css=\u00a0\u00bb.vc_custom_1559101053478{padding: 30px !important;}\u00a0\u00bb][\/vc_column][vc_column width=\u00a0\u00bb1\/2&Prime;][\/vc_column][\/vc_row][\/vc_section][vc_section full_width=\u00a0\u00bbstretch_row\u00a0\u00bb pix_over_visibility=\u00a0\u00bb\u00a0\u00bb responsive_css=\u00a0\u00bb{\u00ab\u00a0pix_res_sm_pt\u00ab\u00a0:\u00ab\u00a040\u00ab\u00a0,\u00ab\u00a0pix_res_sm_pb\u00ab\u00a0:\u00ab\u00a040\u00ab\u00a0,\u00ab\u00a0pix_res_md_pt\u00ab\u00a0:\u00ab\u00a040\u00ab\u00a0,\u00ab\u00a0pix_res_md_pb\u00ab\u00a0:\u00ab\u00a040\u00ab\u00a0}\u00a0\u00bb css=\u00a0\u00bb.vc_custom_1634033041125{padding-top: 0px !important;padding-bottom: 0px !important;background-color:...","og_url":"https:\/\/cinfrance.fr\/index.php\/quicky\/","og_site_name":"CIN FRANCE","article_modified_time":"2021-11-15T10:46:47+00:00","twitter_card":"summary_large_image","twitter_misc":{"Dur\u00e9e de lecture estim\u00e9e":"5 minutes"},"schema":{"@context":"https:\/\/schema.org","@graph":[{"@type":"WebPage","@id":"https:\/\/cinfrance.fr\/index.php\/quicky\/","url":"https:\/\/cinfrance.fr\/index.php\/quicky\/","name":"Quicky - CIN FRANCE","isPartOf":{"@id":"https:\/\/cinfrance.fr\/#website"},"datePublished":"2021-10-12T09:52:04+00:00","dateModified":"2021-11-15T10:46:47+00:00","breadcrumb":{"@id":"https:\/\/cinfrance.fr\/index.php\/quicky\/#breadcrumb"},"inLanguage":"fr-FR","potentialAction":[{"@type":"ReadAction","target":["https:\/\/cinfrance.fr\/index.php\/quicky\/"]}]},{"@type":"BreadcrumbList","@id":"https:\/\/cinfrance.fr\/index.php\/quicky\/#breadcrumb","itemListElement":[{"@type":"ListItem","position":1,"name":"Accueil","item":"https:\/\/cinfrance.fr\/"},{"@type":"ListItem","position":2,"name":"Quicky"}]},{"@type":"WebSite","@id":"https:\/\/cinfrance.fr\/#website","url":"https:\/\/cinfrance.fr\/","name":"CIN FRANCE","description":"Cargo information network france","potentialAction":[{"@type":"SearchAction","target":{"@type":"EntryPoint","urlTemplate":"https:\/\/cinfrance.fr\/?s={search_term_string}"},"query-input":"required name=search_term_string"}],"inLanguage":"fr-FR"}]}},"jetpack_sharing_enabled":true,"_links":{"self":[{"href":"https:\/\/cinfrance.fr\/index.php\/wp-json\/wp\/v2\/pages\/3793","targetHints":{"allow":["GET"]}}],"collection":[{"href":"https:\/\/cinfrance.fr\/index.php\/wp-json\/wp\/v2\/pages"}],"about":[{"href":"https:\/\/cinfrance.fr\/index.php\/wp-json\/wp\/v2\/types\/page"}],"author":[{"embeddable":true,"href":"https:\/\/cinfrance.fr\/index.php\/wp-json\/wp\/v2\/users\/1"}],"replies":[{"embeddable":true,"href":"https:\/\/cinfrance.fr\/index.php\/wp-json\/wp\/v2\/comments?post=3793"}],"version-history":[{"count":6,"href":"https:\/\/cinfrance.fr\/index.php\/wp-json\/wp\/v2\/pages\/3793\/revisions"}],"predecessor-version":[{"id":3832,"href":"https:\/\/cinfrance.fr\/index.php\/wp-json\/wp\/v2\/pages\/3793\/revisions\/3832"}],"wp:attachment":[{"href":"https:\/\/cinfrance.fr\/index.php\/wp-json\/wp\/v2\/media?parent=3793"}],"curies":[{"name":"wp","href":"https:\/\/api.w.org\/{rel}","templated":true}]}}