{"id":3779,"date":"2021-10-12T10:50:55","date_gmt":"2021-10-12T08:50:55","guid":{"rendered":"https:\/\/cinfrance.fr\/?page_id=3779"},"modified":"2025-08-27T10:15:16","modified_gmt":"2025-08-27T08:15:16","slug":"delta-t","status":"publish","type":"page","link":"https:\/\/cinfrance.fr\/index.php\/delta-t\/","title":{"rendered":"Delta-T"},"content":{"rendered":"<div class=\"wpb-content-wrapper\"><p>[vc_section full_width=\u00a0\u00bbstretch_row\u00a0\u00bb pix_over_visibility=\u00a0\u00bb\u00a0\u00bb responsive_css=\u00a0\u00bb{\u00ab\u00a0pix_res_sm_pt\u00ab\u00a0:\u00ab\u00a040\u00ab\u00a0,\u00ab\u00a0pix_res_sm_pb\u00ab\u00a0:\u00ab\u00a040\u00ab\u00a0,\u00ab\u00a0pix_res_md_pt\u00ab\u00a0:\u00ab\u00a040\u00ab\u00a0,\u00ab\u00a0pix_res_md_pb\u00ab\u00a0:\u00ab\u00a040\u00ab\u00a0}\u00a0\u00bb css=\u00a0\u00bb.vc_custom_1631799453043{padding-top: 0px !important;padding-bottom: 80px !important;}\u00a0\u00bb t_custom_height=\u00a0\u00bb300px\u00a0\u00bb b_custom_height=\u00a0\u00bb300px\u00a0\u00bb][vc_row pix_particles_check=\u00a0\u00bb\u00a0\u00bb][vc_column width=\u00a0\u00bb7\/12&Prime;]<div class=\"pix-el-text slide-in-container w-100  \" ><p class=\"  text-dark-opacity-5  \" >DELTA-T est un service en ligne pour <strong style=\"color: #EE8530\">g\u00e9rer les d\u00e9clarations de transit<\/strong> depuis le d\u00e9p\u00f4t de la demande jusqu\u2019\u00e0 la notification d\u2019arriv\u00e9e. Ces d\u00e9clarations permettent la circulation des marchandises en suspension des droits et taxes douani\u00e8res. Elles sont valables dans les pays de l\u2019UE ainsi que dans les pays ayant sign\u00e9 la Convention de Transit.<\/p>\n<p>Le CIN assure l\u2019interface entre les op\u00e9rateurs et la douane pour adresser<br \/>\nl\u2019ensemble des messages DeltaT. Ce module est actuellement en phase pilote et<br \/>\nsera ouvert en production quand la Douane aura enti\u00e8rement bascul\u00e9 en DELTA T<\/p><\/div>[\/vc_column][vc_column width=\u00a0\u00bb5\/12&Prime; css=\u00a0\u00bb.vc_custom_1633947264785{margin-top: -34px !important;}\u00a0\u00bb]<div id=\"1633946890982-55494c64-b66d\" class=\"text-left \"><h5 class=\"   text-heading-default \" style=\"padding-top:20px;\"  ><\/h5><div class=\"text-text-gray      \" style=\"padding-top:20px;\"  ><\/div><\/div>[vc_single_image image=\u00a0\u00bb3787&Prime; img_size=\u00a0\u00bbfull\u00a0\u00bb css_animation=\u00a0\u00bbfadeIn\u00a0\u00bb][\/vc_column][\/vc_row][vc_row pix_particles_check=\u00a0\u00bb\u00a0\u00bb][vc_column]<div class=\"mb-3 text-center  vc_custom_1634028979374\"><h3 class=\"mb-32 pix-sliding-headline font-weight-bold secondary-font\" data-class=\"secondary-font text-heading-default\" data-style=\"\">Les avantages du CIN<\/h3><\/div>[vc_row_inner][vc_column_inner width=\u00a0\u00bb1\/3&Prime;]<div id=\"duo-icon-53577113\" class=\"slide-in-container w-100   vc_custom_1634029119734\" ><div class=\"py-2 animate-in\" data-anim-type=\"fade-in-right\" data-anim-delay=\"1000\"><div class=\"pix-feature-list text-18       py-2 d-flex align-items-center\" ><div class=\"pix-mr-10 text-green\" style=\"width:1.5em;min-width:1.5em;height:1.5em;min-width:1.5em;position:relative;line-height:1em;text-align:center;\"><svg width=\"100%\" height=\"100%\" viewBox=\"0 0 24 24\" version=\"1.1\" xmlns=\"http:\/\/www.w3.org\/2000\/svg\" xmlns:xlink=\"http:\/\/www.w3.org\/1999\/xlink\"> <defs><\/defs> <g stroke=\"none\" stroke-width=\"1\" fill=\"none\" fill-rule=\"evenodd\"> <circle fill=\"#000000\" opacity=\"0.3\" cx=\"12\" cy=\"12\" r=\"10\"><\/circle> <path d=\"M16.7689447,7.81768175 C17.1457787,7.41393107 17.7785676,7.39211077 18.1823183,7.76894473 C18.5860689,8.1457787 18.6078892,8.77856757 18.2310553,9.18231825 L11.2310553,16.6823183 C10.8654446,17.0740439 10.2560456,17.107974 9.84920863,16.7592566 L6.34920863,13.7592566 C5.92988278,13.3998345 5.88132125,12.7685345 6.2407434,12.3492086 C6.60016555,11.9298828 7.23146553,11.8813212 7.65079137,12.2407434 L10.4229928,14.616916 L16.7689447,7.81768175 Z\" fill=\"#000000\" fill-rule=\"nonzero\"><\/path> <\/g> <\/svg><\/div><span class=\"text-dark-opacity-5\">Le portail permet la saisie des d\u00e9clarations de Transit et le suivi des MRN jusqu\u2019\u00e0 la lib\u00e9ration de la marchandise.<\/span><\/div><\/div><\/div>[\/vc_column_inner][vc_column_inner width=\u00a0\u00bb1\/3&Prime;]<div id=\"duo-icon-161324522\" class=\"slide-in-container w-100   vc_custom_1634029097279\" ><div class=\"py-2 animate-in\" data-anim-type=\"fade-in-right\" data-anim-delay=\"1000\"><div class=\"pix-feature-list text-18       py-2 d-flex align-items-center\" ><div class=\"pix-mr-10 text-green\" style=\"width:1.5em;min-width:1.5em;height:1.5em;min-width:1.5em;position:relative;line-height:1em;text-align:center;\"><svg width=\"100%\" height=\"100%\" viewBox=\"0 0 24 24\" version=\"1.1\" xmlns=\"http:\/\/www.w3.org\/2000\/svg\" xmlns:xlink=\"http:\/\/www.w3.org\/1999\/xlink\"> <defs><\/defs> <g stroke=\"none\" stroke-width=\"1\" fill=\"none\" fill-rule=\"evenodd\"> <circle fill=\"#000000\" opacity=\"0.3\" cx=\"12\" cy=\"12\" r=\"10\"><\/circle> <path d=\"M16.7689447,7.81768175 C17.1457787,7.41393107 17.7785676,7.39211077 18.1823183,7.76894473 C18.5860689,8.1457787 18.6078892,8.77856757 18.2310553,9.18231825 L11.2310553,16.6823183 C10.8654446,17.0740439 10.2560456,17.107974 9.84920863,16.7592566 L6.34920863,13.7592566 C5.92988278,13.3998345 5.88132125,12.7685345 6.2407434,12.3492086 C6.60016555,11.9298828 7.23146553,11.8813212 7.65079137,12.2407434 L10.4229928,14.616916 L16.7689447,7.81768175 Z\" fill=\"#000000\" fill-rule=\"nonzero\"><\/path> <\/g> <\/svg><\/div><span class=\"text-dark-opacity-5\">Le syst\u00e8me du CIN peut \u00eatre interfac\u00e9 directement avec les logiciels des soci\u00e9t\u00e9s (en interne ou via les logiciels douaniers).<\/span><\/div><\/div><\/div>[\/vc_column_inner][vc_column_inner width=\u00a0\u00bb1\/3&Prime;]<div id=\"duo-icon-198857032\" class=\"slide-in-container w-100   vc_custom_1634029069739\" ><div class=\"py-2 animate-in\" data-anim-type=\"fade-in-right\" data-anim-delay=\"1000\"><div class=\"pix-feature-list text-18       py-2 d-flex align-items-center\" ><div class=\"pix-mr-10 text-green\" style=\"width:1.5em;min-width:1.5em;height:1.5em;min-width:1.5em;position:relative;line-height:1em;text-align:center;\"><svg width=\"100%\" height=\"100%\" viewBox=\"0 0 24 24\" version=\"1.1\" xmlns=\"http:\/\/www.w3.org\/2000\/svg\" xmlns:xlink=\"http:\/\/www.w3.org\/1999\/xlink\"> <defs><\/defs> <g stroke=\"none\" stroke-width=\"1\" fill=\"none\" fill-rule=\"evenodd\"> <circle fill=\"#000000\" opacity=\"0.3\" cx=\"12\" cy=\"12\" r=\"10\"><\/circle> <path d=\"M16.7689447,7.81768175 C17.1457787,7.41393107 17.7785676,7.39211077 18.1823183,7.76894473 C18.5860689,8.1457787 18.6078892,8.77856757 18.2310553,9.18231825 L11.2310553,16.6823183 C10.8654446,17.0740439 10.2560456,17.107974 9.84920863,16.7592566 L6.34920863,13.7592566 C5.92988278,13.3998345 5.88132125,12.7685345 6.2407434,12.3492086 C6.60016555,11.9298828 7.23146553,11.8813212 7.65079137,12.2407434 L10.4229928,14.616916 L16.7689447,7.81768175 Z\" fill=\"#000000\" fill-rule=\"nonzero\"><\/path> <\/g> <\/svg><\/div><span class=\"text-dark-opacity-5\">Chaque MRN a son historique consultable \u00e0 tout moment pour tous les acteurs de la chaine.<\/span><\/div><\/div><\/div>[\/vc_column_inner][\/vc_row_inner][\/vc_column][\/vc_row][\/vc_section][vc_section full_width=\u00a0\u00bbstretch_row\u00a0\u00bb pix_scale_in=\u00a0\u00bbpix-scale-in-sm\u00a0\u00bb pix_over_visibility=\u00a0\u00bb\u00a0\u00bb css=\u00a0\u00bb.vc_custom_1633955263457{padding-top: 0px !important;background-color: #eaf1f9 !important;}\u00a0\u00bb][vc_row full_width=\u00a0\u00bbstretch_row\u00a0\u00bb content_placement=\u00a0\u00bbmiddle\u00a0\u00bb pix_over_visibility=\u00a0\u00bb2&Prime; pix_particles_check=\u00a0\u00bb\u00a0\u00bb css=\u00a0\u00bb.vc_custom_1633955134339{padding-top: 0px !important;padding-bottom: 0px !important;background-color: #eaf1f9 !important;}\u00a0\u00bb][vc_column pix_particles_check=\u00a0\u00bb1&Prime; pix_particles=\u00a0\u00bb%5B%7B%22h_position%22%3A%22left%22%2C%22horizontal%22%3A%220%22%2C%22v_position%22%3A%22top%22%2C%22vertical%22%3A%220%22%2C%22pix_particles_type%22%3A%22scroll_parallax%22%2C%22pix_particles_type_2%22%3A%22mouse_parallax%22%2C%22pix_particles_type_3%22%3A%22scroll_rotate%22%2C%22depth%22%3A%220.2%22%2C%22xaxis%22%3A%22100%22%2C%22yaxis%22%3A%220%22%2C%22rotation_speed%22%3A%22300%22%2C%22pix_inverse_rotation%22%3A%22scroll_inverse%22%2C%22pix_infinite_speed%22%3A%22pix-duration-fast%22%2C%22hide%22%3A%22true%22%7D%5D\u00a0\u00bb css=\u00a0\u00bb.vc_custom_1633955151966{padding-top: 0px !important;padding-right: 40px !important;padding-bottom: 20px !important;padding-left: 40px !important;}\u00a0\u00bb][vc_row_inner css=\u00a0\u00bb.vc_custom_1590013670502{padding-top: 20px !important;}\u00a0\u00bb][vc_column_inner width=\u00a0\u00bb1\/2&Prime; content_align=\u00a0\u00bbtext-center\u00a0\u00bb]<div class=\"pix-content-box card      vc_custom_1591757998682    rounded-xl shadow-sm shadow-hover fly-sm animate-in bg- w-100 overflow-hidden \"  data-anim-type=\"fade-in-up\" data-anim-delay=\"200\"><div class=\"scene scene-over\"><\/div><div class=\"\" style=\"z-index:30;position:relative;\"><h3 class=\"d-inline-block mr-1 \"  ><span class=\"badge font-weight-bold secondary-font badge-pill bg-primary-light  vc_custom_1633955541870  \" style=\" \"><span class=\"text-primary\" style=\"\">1<\/span><\/span><\/h3><div  class=\"pix-heading-el text-center \"><div><div class=\"slide-in-container\"><div class=\"text-primary font-weight-bold heading-text el-title_custom_color mb-12\" style=\"font-size:24px;\" data-anim-type=\"\" data-anim-delay=\"0\">Saisie au d\u00e9part<\/div><\/div><\/div><\/div><div class=\"pix-el-text slide-in-container w-100  \" ><p class=\"text-sm  text-dark-opacity-5  \" >Le module Delta T du CIN permet la saisie  :<br \/>\n\u2022 d\u2019une d\u00e9claration de Transit<br \/>\n\u2022 des rectifications \u00e0 apporter \u00e0 la d\u00e9claration<br \/>\n\u2022 de demande d\u2019annulation de la d\u00e9claration<\/p><\/div>[vc_single_image image=\u00a0\u00bb3781&Prime; img_size=\u00a0\u00bbfull\u00a0\u00bb style=\u00a0\u00bbvc_box_shadow_border\u00a0\u00bb]<div class=\"pix-el-text slide-in-container w-100  \" ><p class=\"text-sm  text-dark-opacity-5  \" >En fonction des r\u00e9ponses de la Douane votre d\u00e9claration est accept\u00e9e ou refus\u00e9e.<br \/>\nL\u2019obtention de BAE permet la g\u00e9n\u00e9ration d\u2019un PDF, le camion est ainsi autoris\u00e9 \u00e0 partir.<\/p><\/div><\/div><\/div>[\/vc_column_inner][vc_column_inner width=\u00a0\u00bb1\/2&Prime; content_align=\u00a0\u00bbtext-center\u00a0\u00bb]<div class=\"pix-content-box card  full-height    vc_custom_1633955774668    rounded-xl shadow-sm shadow-hover fly-sm animate-in bg- w-100 overflow-hidden \"  data-anim-type=\"fade-in-up\" data-anim-delay=\"200\"><div class=\"scene scene-over\"><\/div><div class=\"\" style=\"z-index:30;position:relative;\"><h3 class=\"d-inline-block mr-1 \"  ><span class=\"badge font-weight-bold secondary-font badge-pill bg-primary-light  vc_custom_1633955800195  \" style=\" \"><span class=\"text-primary\" style=\"\">2<\/span><\/span><\/h3><div  class=\"pix-heading-el text-center \"><div><div class=\"slide-in-container\"><div class=\"text-primary font-weight-bold heading-text el-title_custom_color mb-12\" style=\"font-size:24px;\" data-anim-type=\"\" data-anim-delay=\"0\">Demande de r\u00e9gularisation<\/div><\/div><\/div><\/div><div class=\"pix-el-text slide-in-container w-100  \" ><p class=\"text-sm  text-dark-opacity-5  \" >Le portail permet \u00e9galement de faire l\u2019arriv\u00e9e des camions afin d\u2019apurer le MRN de transit et d\u2019y d\u00e9clarer :<\/p>\n<p>Les incidents de parcours<br \/>\n\u2022 Les remarques au d\u00e9chargement<br \/>\n\u2022 Les r\u00e9ponses \u00e0 une demande de proc\u00e9dure de recherche<\/p><\/div><\/div><\/div><div class=\"pix-content-box card  full-height    vc_custom_1633955774668    rounded-xl shadow-sm shadow-hover fly-sm animate-in bg- w-100 overflow-hidden \"  data-anim-type=\"fade-in-up\" data-anim-delay=\"200\"><div class=\"scene scene-over\"><\/div><div class=\"\" style=\"z-index:30;position:relative;\"><h3 class=\"d-inline-block mr-1 \"  ><span class=\"badge font-weight-bold secondary-font badge-pill bg-primary-light  vc_custom_1634030958957  \" style=\" \"><span class=\"text-primary\" style=\"\">3<\/span><\/span><\/h3><div  class=\"pix-heading-el text-center \"><div><div class=\"slide-in-container\"><div class=\"text-primary font-weight-bold heading-text el-title_custom_color mb-12\" style=\"font-size:24px;\" data-anim-type=\"\" data-anim-delay=\"0\">Suivi des d\u00e9clarations<\/div><\/div><\/div><\/div><div class=\"pix-el-text slide-in-container w-100  \" ><p class=\"text-sm  text-dark-opacity-5  \" >Un \u00e9cran r\u00e9capitulatif permet de connaitre facilement l\u2019avancement de chaque d\u00e9claration de transit.<\/p><\/div>[vc_single_image image=\u00a0\u00bb3782&Prime; img_size=\u00a0\u00bbfull\u00a0\u00bb style=\u00a0\u00bbvc_box_shadow_border\u00a0\u00bb]<\/div><\/div>[\/vc_column_inner][\/vc_row_inner][\/vc_column][\/vc_row][\/vc_section][vc_row full_width=\u00a0\u00bbstretch_row\u00a0\u00bb equal_height=\u00a0\u00bbyes\u00a0\u00bb pix_particles_check=\u00a0\u00bb\u00a0\u00bb][vc_column width=\u00a0\u00bb1\/12&Prime;][\/vc_column][vc_column width=\u00a0\u00bb10\/12&Prime;]<div  class=\"pix-heading-el text-center  vc_custom_1634031101590\"><div><div class=\"slide-in-container\"><h3 class=\"text-secondary font-weight-bold heading-text el-title_custom_color mb-12\" style=\"\" data-anim-type=\"\" data-anim-delay=\"0\">D\u00e9couvrez nos articles Detla-T<\/h3><\/div><\/div><\/div><div class=\"row  \"><\/div>\n[\/vc_column][vc_column width=\u00a0\u00bb1\/12&Prime;][\/vc_column][\/vc_row]<\/p>\n<\/div>","protected":false},"excerpt":{"rendered":"[vc_section full_width=\u00a0\u00bbstretch_row\u00a0\u00bb pix_over_visibility=\u00a0\u00bb\u00a0\u00bb responsive_css=\u00a0\u00bb{\u00ab\u00a0pix_res_sm_pt\u00ab\u00a0:\u00ab\u00a040\u00ab\u00a0,\u00ab\u00a0pix_res_sm_pb\u00ab\u00a0:\u00ab\u00a040\u00ab\u00a0,\u00ab\u00a0pix_res_md_pt\u00ab\u00a0:\u00ab\u00a040\u00ab\u00a0,\u00ab\u00a0pix_res_md_pb\u00ab\u00a0:\u00ab\u00a040\u00ab\u00a0}\u00a0\u00bb css=\u00a0\u00bb.vc_custom_1631799453043{padding-top: 0px !important;padding-bottom: 80px !important;}\u00a0\u00bb t_custom_height=\u00a0\u00bb300px\u00a0\u00bb b_custom_height=\u00a0\u00bb300px\u00a0\u00bb][vc_row pix_particles_check=\u00a0\u00bb\u00a0\u00bb][vc_column width=\u00a0\u00bb7\/12&Prime;][\/vc_column][vc_column width=\u00a0\u00bb5\/12&Prime; css=\u00a0\u00bb.vc_custom_1633947264785{margin-top: -34px !important;}\u00a0\u00bb][vc_single_image image=\u00a0\u00bb3787&Prime; img_size=\u00a0\u00bbfull\u00a0\u00bb css_animation=\u00a0\u00bbfadeIn\u00a0\u00bb][\/vc_column][\/vc_row][vc_row pix_particles_check=\u00a0\u00bb\u00a0\u00bb][vc_column][vc_row_inner][vc_column_inner width=\u00a0\u00bb1\/3&Prime;][\/vc_column_inner][vc_column_inner width=\u00a0\u00bb1\/3&Prime;][\/vc_column_inner][vc_column_inner width=\u00a0\u00bb1\/3&Prime;][\/vc_column_inner][\/vc_row_inner][\/vc_column][\/vc_row][\/vc_section][vc_section full_width=\u00a0\u00bbstretch_row\u00a0\u00bb pix_scale_in=\u00a0\u00bbpix-scale-in-sm\u00a0\u00bb pix_over_visibility=\u00a0\u00bb\u00a0\u00bb css=\u00a0\u00bb.vc_custom_1633955263457{padding-top: 0px !important;background-color: #eaf1f9 !important;}\u00a0\u00bb][vc_row full_width=\u00a0\u00bbstretch_row\u00a0\u00bb content_placement=\u00a0\u00bbmiddle\u00a0\u00bb pix_over_visibility=\u00a0\u00bb2&Prime; pix_particles_check=\u00a0\u00bb\u00a0\u00bb css=\u00a0\u00bb.vc_custom_1633955134339{padding-top: 0px !important;padding-bottom: 0px&#8230;","protected":false},"author":1,"featured_media":0,"parent":0,"menu_order":0,"comment_status":"closed","ping_status":"closed","template":"","meta":{"footnotes":""},"class_list":["post-3779","page","type-page","status-publish","hentry"],"yoast_head":"<!-- This site is optimized with the Yoast SEO plugin v22.4 - https:\/\/yoast.com\/wordpress\/plugins\/seo\/ -->\n<title>Delta-T - CIN FRANCE<\/title>\n<meta name=\"robots\" content=\"noindex, follow, max-snippet:-1, max-image-preview:large, max-video-preview:-1\" \/>\n<meta property=\"og:locale\" content=\"fr_FR\" \/>\n<meta property=\"og:type\" content=\"article\" \/>\n<meta property=\"og:title\" content=\"Delta-T - CIN FRANCE\" \/>\n<meta property=\"og:description\" content=\"[vc_section full_width=\u00a0\u00bbstretch_row\u00a0\u00bb pix_over_visibility=\u00a0\u00bb\u00a0\u00bb responsive_css=\u00a0\u00bb{\u00ab\u00a0pix_res_sm_pt\u00ab\u00a0:\u00ab\u00a040\u00ab\u00a0,\u00ab\u00a0pix_res_sm_pb\u00ab\u00a0:\u00ab\u00a040\u00ab\u00a0,\u00ab\u00a0pix_res_md_pt\u00ab\u00a0:\u00ab\u00a040\u00ab\u00a0,\u00ab\u00a0pix_res_md_pb\u00ab\u00a0:\u00ab\u00a040\u00ab\u00a0}\u00a0\u00bb css=\u00a0\u00bb.vc_custom_1631799453043{padding-top: 0px !important;padding-bottom: 80px !important;}\u00a0\u00bb t_custom_height=\u00a0\u00bb300px\u00a0\u00bb b_custom_height=\u00a0\u00bb300px\u00a0\u00bb][vc_row pix_particles_check=\u00a0\u00bb\u00a0\u00bb][vc_column width=\u00a0\u00bb7\/12&Prime;][\/vc_column][vc_column width=\u00a0\u00bb5\/12&Prime; css=\u00a0\u00bb.vc_custom_1633947264785{margin-top: -34px !important;}\u00a0\u00bb][vc_single_image image=\u00a0\u00bb3787&Prime; img_size=\u00a0\u00bbfull\u00a0\u00bb css_animation=\u00a0\u00bbfadeIn\u00a0\u00bb][\/vc_column][\/vc_row][vc_row pix_particles_check=\u00a0\u00bb\u00a0\u00bb][vc_column][vc_row_inner][vc_column_inner width=\u00a0\u00bb1\/3&Prime;][\/vc_column_inner][vc_column_inner width=\u00a0\u00bb1\/3&Prime;][\/vc_column_inner][vc_column_inner width=\u00a0\u00bb1\/3&Prime;][\/vc_column_inner][\/vc_row_inner][\/vc_column][\/vc_row][\/vc_section][vc_section full_width=\u00a0\u00bbstretch_row\u00a0\u00bb pix_scale_in=\u00a0\u00bbpix-scale-in-sm\u00a0\u00bb pix_over_visibility=\u00a0\u00bb\u00a0\u00bb css=\u00a0\u00bb.vc_custom_1633955263457{padding-top: 0px !important;background-color: #eaf1f9 !important;}\u00a0\u00bb][vc_row full_width=\u00a0\u00bbstretch_row\u00a0\u00bb content_placement=\u00a0\u00bbmiddle\u00a0\u00bb pix_over_visibility=\u00a0\u00bb2&Prime; pix_particles_check=\u00a0\u00bb\u00a0\u00bb css=\u00a0\u00bb.vc_custom_1633955134339{padding-top: 0px !important;padding-bottom: 0px...\" \/>\n<meta property=\"og:url\" content=\"https:\/\/cinfrance.fr\/index.php\/delta-t\/\" \/>\n<meta property=\"og:site_name\" content=\"CIN FRANCE\" \/>\n<meta property=\"article:modified_time\" content=\"2025-08-27T08:15:16+00:00\" \/>\n<meta name=\"twitter:card\" content=\"summary_large_image\" \/>\n<meta name=\"twitter:label1\" content=\"Dur\u00e9e de lecture estim\u00e9e\" \/>\n\t<meta name=\"twitter:data1\" content=\"7 minutes\" \/>\n<script type=\"application\/ld+json\" class=\"yoast-schema-graph\">{\"@context\":\"https:\/\/schema.org\",\"@graph\":[{\"@type\":\"WebPage\",\"@id\":\"https:\/\/cinfrance.fr\/index.php\/delta-t\/\",\"url\":\"https:\/\/cinfrance.fr\/index.php\/delta-t\/\",\"name\":\"Delta-T - CIN FRANCE\",\"isPartOf\":{\"@id\":\"https:\/\/cinfrance.fr\/#website\"},\"datePublished\":\"2021-10-12T08:50:55+00:00\",\"dateModified\":\"2025-08-27T08:15:16+00:00\",\"breadcrumb\":{\"@id\":\"https:\/\/cinfrance.fr\/index.php\/delta-t\/#breadcrumb\"},\"inLanguage\":\"fr-FR\",\"potentialAction\":[{\"@type\":\"ReadAction\",\"target\":[\"https:\/\/cinfrance.fr\/index.php\/delta-t\/\"]}]},{\"@type\":\"BreadcrumbList\",\"@id\":\"https:\/\/cinfrance.fr\/index.php\/delta-t\/#breadcrumb\",\"itemListElement\":[{\"@type\":\"ListItem\",\"position\":1,\"name\":\"Accueil\",\"item\":\"https:\/\/cinfrance.fr\/\"},{\"@type\":\"ListItem\",\"position\":2,\"name\":\"Delta-T\"}]},{\"@type\":\"WebSite\",\"@id\":\"https:\/\/cinfrance.fr\/#website\",\"url\":\"https:\/\/cinfrance.fr\/\",\"name\":\"CIN FRANCE\",\"description\":\"Cargo information network france\",\"potentialAction\":[{\"@type\":\"SearchAction\",\"target\":{\"@type\":\"EntryPoint\",\"urlTemplate\":\"https:\/\/cinfrance.fr\/?s={search_term_string}\"},\"query-input\":\"required name=search_term_string\"}],\"inLanguage\":\"fr-FR\"}]}<\/script>\n<!-- \/ Yoast SEO plugin. -->","yoast_head_json":{"title":"Delta-T - CIN FRANCE","robots":{"index":"noindex","follow":"follow","max-snippet":"max-snippet:-1","max-image-preview":"max-image-preview:large","max-video-preview":"max-video-preview:-1"},"og_locale":"fr_FR","og_type":"article","og_title":"Delta-T - CIN FRANCE","og_description":"[vc_section full_width=\u00a0\u00bbstretch_row\u00a0\u00bb pix_over_visibility=\u00a0\u00bb\u00a0\u00bb responsive_css=\u00a0\u00bb{\u00ab\u00a0pix_res_sm_pt\u00ab\u00a0:\u00ab\u00a040\u00ab\u00a0,\u00ab\u00a0pix_res_sm_pb\u00ab\u00a0:\u00ab\u00a040\u00ab\u00a0,\u00ab\u00a0pix_res_md_pt\u00ab\u00a0:\u00ab\u00a040\u00ab\u00a0,\u00ab\u00a0pix_res_md_pb\u00ab\u00a0:\u00ab\u00a040\u00ab\u00a0}\u00a0\u00bb css=\u00a0\u00bb.vc_custom_1631799453043{padding-top: 0px !important;padding-bottom: 80px !important;}\u00a0\u00bb t_custom_height=\u00a0\u00bb300px\u00a0\u00bb b_custom_height=\u00a0\u00bb300px\u00a0\u00bb][vc_row pix_particles_check=\u00a0\u00bb\u00a0\u00bb][vc_column width=\u00a0\u00bb7\/12&Prime;][\/vc_column][vc_column width=\u00a0\u00bb5\/12&Prime; css=\u00a0\u00bb.vc_custom_1633947264785{margin-top: -34px !important;}\u00a0\u00bb][vc_single_image image=\u00a0\u00bb3787&Prime; img_size=\u00a0\u00bbfull\u00a0\u00bb css_animation=\u00a0\u00bbfadeIn\u00a0\u00bb][\/vc_column][\/vc_row][vc_row pix_particles_check=\u00a0\u00bb\u00a0\u00bb][vc_column][vc_row_inner][vc_column_inner width=\u00a0\u00bb1\/3&Prime;][\/vc_column_inner][vc_column_inner width=\u00a0\u00bb1\/3&Prime;][\/vc_column_inner][vc_column_inner width=\u00a0\u00bb1\/3&Prime;][\/vc_column_inner][\/vc_row_inner][\/vc_column][\/vc_row][\/vc_section][vc_section full_width=\u00a0\u00bbstretch_row\u00a0\u00bb pix_scale_in=\u00a0\u00bbpix-scale-in-sm\u00a0\u00bb pix_over_visibility=\u00a0\u00bb\u00a0\u00bb css=\u00a0\u00bb.vc_custom_1633955263457{padding-top: 0px !important;background-color: #eaf1f9 !important;}\u00a0\u00bb][vc_row full_width=\u00a0\u00bbstretch_row\u00a0\u00bb content_placement=\u00a0\u00bbmiddle\u00a0\u00bb pix_over_visibility=\u00a0\u00bb2&Prime; pix_particles_check=\u00a0\u00bb\u00a0\u00bb css=\u00a0\u00bb.vc_custom_1633955134339{padding-top: 0px !important;padding-bottom: 0px...","og_url":"https:\/\/cinfrance.fr\/index.php\/delta-t\/","og_site_name":"CIN FRANCE","article_modified_time":"2025-08-27T08:15:16+00:00","twitter_card":"summary_large_image","twitter_misc":{"Dur\u00e9e de lecture estim\u00e9e":"7 minutes"},"schema":{"@context":"https:\/\/schema.org","@graph":[{"@type":"WebPage","@id":"https:\/\/cinfrance.fr\/index.php\/delta-t\/","url":"https:\/\/cinfrance.fr\/index.php\/delta-t\/","name":"Delta-T - CIN FRANCE","isPartOf":{"@id":"https:\/\/cinfrance.fr\/#website"},"datePublished":"2021-10-12T08:50:55+00:00","dateModified":"2025-08-27T08:15:16+00:00","breadcrumb":{"@id":"https:\/\/cinfrance.fr\/index.php\/delta-t\/#breadcrumb"},"inLanguage":"fr-FR","potentialAction":[{"@type":"ReadAction","target":["https:\/\/cinfrance.fr\/index.php\/delta-t\/"]}]},{"@type":"BreadcrumbList","@id":"https:\/\/cinfrance.fr\/index.php\/delta-t\/#breadcrumb","itemListElement":[{"@type":"ListItem","position":1,"name":"Accueil","item":"https:\/\/cinfrance.fr\/"},{"@type":"ListItem","position":2,"name":"Delta-T"}]},{"@type":"WebSite","@id":"https:\/\/cinfrance.fr\/#website","url":"https:\/\/cinfrance.fr\/","name":"CIN FRANCE","description":"Cargo information network france","potentialAction":[{"@type":"SearchAction","target":{"@type":"EntryPoint","urlTemplate":"https:\/\/cinfrance.fr\/?s={search_term_string}"},"query-input":"required name=search_term_string"}],"inLanguage":"fr-FR"}]}},"jetpack_sharing_enabled":true,"_links":{"self":[{"href":"https:\/\/cinfrance.fr\/index.php\/wp-json\/wp\/v2\/pages\/3779","targetHints":{"allow":["GET"]}}],"collection":[{"href":"https:\/\/cinfrance.fr\/index.php\/wp-json\/wp\/v2\/pages"}],"about":[{"href":"https:\/\/cinfrance.fr\/index.php\/wp-json\/wp\/v2\/types\/page"}],"author":[{"embeddable":true,"href":"https:\/\/cinfrance.fr\/index.php\/wp-json\/wp\/v2\/users\/1"}],"replies":[{"embeddable":true,"href":"https:\/\/cinfrance.fr\/index.php\/wp-json\/wp\/v2\/comments?post=3779"}],"version-history":[{"count":7,"href":"https:\/\/cinfrance.fr\/index.php\/wp-json\/wp\/v2\/pages\/3779\/revisions"}],"predecessor-version":[{"id":4576,"href":"https:\/\/cinfrance.fr\/index.php\/wp-json\/wp\/v2\/pages\/3779\/revisions\/4576"}],"wp:attachment":[{"href":"https:\/\/cinfrance.fr\/index.php\/wp-json\/wp\/v2\/media?parent=3779"}],"curies":[{"name":"wp","href":"https:\/\/api.w.org\/{rel}","templated":true}]}}