{"id":3668,"date":"2021-09-16T15:51:45","date_gmt":"2021-09-16T13:51:45","guid":{"rendered":"https:\/\/cinfrance.fr\/?page_id=3668"},"modified":"2021-11-15T11:45:54","modified_gmt":"2021-11-15T10:45:54","slug":"ecs","status":"publish","type":"page","link":"https:\/\/cinfrance.fr\/index.php\/ecs\/","title":{"rendered":"ECS"},"content":{"rendered":"<div class=\"wpb-content-wrapper\"><p>[vc_section full_width=\u00a0\u00bbstretch_row\u00a0\u00bb pix_over_visibility=\u00a0\u00bb\u00a0\u00bb responsive_css=\u00a0\u00bb{\u00ab\u00a0pix_res_sm_pt\u00ab\u00a0:\u00ab\u00a040\u00ab\u00a0,\u00ab\u00a0pix_res_sm_pb\u00ab\u00a0:\u00ab\u00a040\u00ab\u00a0,\u00ab\u00a0pix_res_md_pt\u00ab\u00a0:\u00ab\u00a040\u00ab\u00a0,\u00ab\u00a0pix_res_md_pb\u00ab\u00a0:\u00ab\u00a040\u00ab\u00a0}\u00a0\u00bb css=\u00a0\u00bb.vc_custom_1631799453043{padding-top: 0px !important;padding-bottom: 80px !important;}\u00a0\u00bb t_custom_height=\u00a0\u00bb300px\u00a0\u00bb b_custom_height=\u00a0\u00bb300px\u00a0\u00bb][vc_row pix_particles_check=\u00a0\u00bb\u00a0\u00bb][vc_column width=\u00a0\u00bb7\/12&Prime;]<div class=\"pix-el-text slide-in-container w-100  \" ><p class=\"  text-dark-opacity-5  \" >Le syst\u00e8me communautaire de <strong style=\"color: #EE8530\">contr\u00f4le des exportations<\/strong> ECS, fond\u00e9 sur l\u2019amendement s\u00fbret\u00e9-s\u00e9curit\u00e9 (cf. r\u00e8glements CE n\u00b0 648\/2005 et n\u00b01875\/2006) est pr\u00e9vu aux articles 263 et 264 du code des douanes de l\u2019Union (CDU).<\/p>\n<p>Le syst\u00e8me ECS repose sur une <strong style=\"color: #EE8530\">analyse des donn\u00e9es<\/strong> contenues dans la d\u00e9claration en douane \u00e0 l\u2019export. Elle permet une analyse de risques et un<br \/>\nciblage des contr\u00f4les.<\/p><\/div><div class=\"pix-el-text slide-in-container w-100   vc_custom_1633946627961\" ><p class=\"text-18  text-primary  \" ><strong> Il rev\u00eat deux aspects :<\/strong><\/p><\/div><div id=\"1613524452213-d302f092-6826\" class=\"media  vc_custom_1633946444820\"><div class=\"mr-3 feature_img \"   style=\"position:relative;text-align:center;\"><i style=\"display:inline-block;font-size:30px;min-width:30px;line-height:30px;\" class=\"text-primary align-middle pixicon-lock-3\"><\/i><\/div><div class=\"media-body\"><h6 class=\"font-weight-bold   text-heading-default  \" style=\"padding-top:8px;\"  >Un volet s\u00fbret\u00e9-s\u00e9curit\u00e9<\/h6><div class=\"text-text-gray text-20     \" style=\"\"  ><\/div><\/div><\/div><div class=\"pix-el-text slide-in-container w-100   vc_custom_1633948725763\" ><p class=\"text-sm  text-dark-opacity-5  \" >une d\u00e9claration sommaire de sortie contenant des donn\u00e9es<br \/>\ns\u00fbret\u00e9-s\u00e9curit\u00e9 est exigible avant de quitter le territoire douanier de l\u2019Union. Lorsque les marchandises sont plac\u00e9es sous un r\u00e9gime d\u2019exportation, les donn\u00e9es sont contenues dans la d\u00e9claration en douane DAU.<\/p><\/div><div id=\"1633946327765-4bc13778-1f4d\" class=\"media  vc_custom_1633946459740\"><div class=\"mr-3 feature_img \"   style=\"position:relative;text-align:center;\"><i style=\"display:inline-block;font-size:30px;min-width:30px;line-height:30px;\" class=\"text-primary align-middle pixicon-justice-1\"><\/i><\/div><div class=\"media-body\"><h6 class=\"font-weight-bold   text-heading-default  \" style=\"padding-top:8px;\"  >Un volet fiscal<\/h6><div class=\"text-text-gray text-20     \" style=\"\"  ><\/div><\/div><\/div><div class=\"pix-el-text slide-in-container w-100   vc_custom_1633946488753\" ><p class=\"text-sm  text-dark-opacity-5  \" >afin d\u2019assurer une meilleure tra\u00e7abilit\u00e9<br \/>\ndes flux d\u2019exportation et d\u2019obtenir plus rapidement le justificatif de sortie des marchandises<br \/>\nhors du territoire douanier de l\u2019Union, ECS d\u00e9mat\u00e9rialise la proc\u00e9dure papier de visa de l\u2019exemplaire 3 du DAU valant justificatif de sortie. Une certification \u00e9lectronique la remplace.<\/p><\/div>[\/vc_column][vc_column width=\u00a0\u00bb5\/12&Prime; css=\u00a0\u00bb.vc_custom_1633947264785{margin-top: -34px !important;}\u00a0\u00bb]<div id=\"1633946890982-55494c64-b66d\" class=\"text-left \"><h5 class=\"   text-heading-default \" style=\"padding-top:20px;\"  ><\/h5><div class=\"text-text-gray      \" style=\"padding-top:20px;\"  ><\/div><\/div>[vc_single_image image=\u00a0\u00bb3729&Prime; img_size=\u00a0\u00bbfull\u00a0\u00bb css_animation=\u00a0\u00bbfadeIn\u00a0\u00bb]<div class=\"mb-3 text-center  vc_custom_1633955974105\"><h3 class=\"mb-32 pix-sliding-headline font-weight-bold secondary-font\" data-class=\"secondary-font text-heading-default\" data-style=\"\">Les avantages du CIN<\/h3><\/div><div id=\"duo-icon-130312897\" class=\"slide-in-container w-100   vc_custom_1633947294569\" ><div class=\"py-2 animate-in\" data-anim-type=\"fade-in-right\" data-anim-delay=\"1000\"><div class=\"pix-feature-list text-18       py-2 d-flex align-items-center\" ><div class=\"pix-mr-10 text-green\" style=\"width:1.5em;min-width:1.5em;height:1.5em;min-width:1.5em;position:relative;line-height:1em;text-align:center;\"><svg width=\"100%\" height=\"100%\" viewBox=\"0 0 24 24\" version=\"1.1\" xmlns=\"http:\/\/www.w3.org\/2000\/svg\" xmlns:xlink=\"http:\/\/www.w3.org\/1999\/xlink\"> <defs><\/defs> <g stroke=\"none\" stroke-width=\"1\" fill=\"none\" fill-rule=\"evenodd\"> <circle fill=\"#000000\" opacity=\"0.3\" cx=\"12\" cy=\"12\" r=\"10\"><\/circle> <path d=\"M16.7689447,7.81768175 C17.1457787,7.41393107 17.7785676,7.39211077 18.1823183,7.76894473 C18.5860689,8.1457787 18.6078892,8.77856757 18.2310553,9.18231825 L11.2310553,16.6823183 C10.8654446,17.0740439 10.2560456,17.107974 9.84920863,16.7592566 L6.34920863,13.7592566 C5.92988278,13.3998345 5.88132125,12.7685345 6.2407434,12.3492086 C6.60016555,11.9298828 7.23146553,11.8813212 7.65079137,12.2407434 L10.4229928,14.616916 L16.7689447,7.81768175 Z\" fill=\"#000000\" fill-rule=\"nonzero\"><\/path> <\/g> <\/svg><\/div><span class=\"text-dark-opacity-5\">Le portail permet la saisie des MRN et le suivi des d\u00e9clarations jusqu\u2019\u00e0 l\u2019apurement du MRN.<\/span><\/div><div class=\"pix-feature-list text-18       py-2 d-flex align-items-center\" ><div class=\"pix-mr-10 text-green\" style=\"width:1.5em;min-width:1.5em;height:1.5em;min-width:1.5em;position:relative;line-height:1em;text-align:center;\"><svg width=\"100%\" height=\"100%\" viewBox=\"0 0 24 24\" version=\"1.1\" xmlns=\"http:\/\/www.w3.org\/2000\/svg\" xmlns:xlink=\"http:\/\/www.w3.org\/1999\/xlink\"> <defs><\/defs> <g stroke=\"none\" stroke-width=\"1\" fill=\"none\" fill-rule=\"evenodd\"> <circle fill=\"#000000\" opacity=\"0.3\" cx=\"12\" cy=\"12\" r=\"10\"><\/circle> <path d=\"M16.7689447,7.81768175 C17.1457787,7.41393107 17.7785676,7.39211077 18.1823183,7.76894473 C18.5860689,8.1457787 18.6078892,8.77856757 18.2310553,9.18231825 L11.2310553,16.6823183 C10.8654446,17.0740439 10.2560456,17.107974 9.84920863,16.7592566 L6.34920863,13.7592566 C5.92988278,13.3998345 5.88132125,12.7685345 6.2407434,12.3492086 C6.60016555,11.9298828 7.23146553,11.8813212 7.65079137,12.2407434 L10.4229928,14.616916 L16.7689447,7.81768175 Z\" fill=\"#000000\" fill-rule=\"nonzero\"><\/path> <\/g> <\/svg><\/div><span class=\"text-dark-opacity-5\">Le syst\u00e8me du CIN peut \u00eatre interfac\u00e9 directement avec les logiciels des op\u00e9rateurs (en interne ou via les logiciels douaniers).<\/span><\/div><div class=\"pix-feature-list text-18       py-2 d-flex align-items-center\" ><div class=\"pix-mr-10 text-green\" style=\"width:1.5em;min-width:1.5em;height:1.5em;min-width:1.5em;position:relative;line-height:1em;text-align:center;\"><svg width=\"100%\" height=\"100%\" viewBox=\"0 0 24 24\" version=\"1.1\" xmlns=\"http:\/\/www.w3.org\/2000\/svg\" xmlns:xlink=\"http:\/\/www.w3.org\/1999\/xlink\"> <defs><\/defs> <g stroke=\"none\" stroke-width=\"1\" fill=\"none\" fill-rule=\"evenodd\"> <circle fill=\"#000000\" opacity=\"0.3\" cx=\"12\" cy=\"12\" r=\"10\"><\/circle> <path d=\"M16.7689447,7.81768175 C17.1457787,7.41393107 17.7785676,7.39211077 18.1823183,7.76894473 C18.5860689,8.1457787 18.6078892,8.77856757 18.2310553,9.18231825 L11.2310553,16.6823183 C10.8654446,17.0740439 10.2560456,17.107974 9.84920863,16.7592566 L6.34920863,13.7592566 C5.92988278,13.3998345 5.88132125,12.7685345 6.2407434,12.3492086 C6.60016555,11.9298828 7.23146553,11.8813212 7.65079137,12.2407434 L10.4229928,14.616916 L16.7689447,7.81768175 Z\" fill=\"#000000\" fill-rule=\"nonzero\"><\/path> <\/g> <\/svg><\/div><span class=\"text-dark-opacity-5\">Chaque MRN a son historique consultable \u00e0 tout moment pour tous les acteurs de la chaine.<\/span><\/div><\/div><\/div>[\/vc_column][\/vc_row][\/vc_section][vc_section full_width=\u00a0\u00bbstretch_row\u00a0\u00bb pix_scale_in=\u00a0\u00bbpix-scale-in-sm\u00a0\u00bb pix_over_visibility=\u00a0\u00bb\u00a0\u00bb css=\u00a0\u00bb.vc_custom_1633955263457{padding-top: 0px !important;background-color: #eaf1f9 !important;}\u00a0\u00bb][vc_row full_width=\u00a0\u00bbstretch_row\u00a0\u00bb content_placement=\u00a0\u00bbmiddle\u00a0\u00bb pix_over_visibility=\u00a0\u00bb2&Prime; pix_particles_check=\u00a0\u00bb\u00a0\u00bb css=\u00a0\u00bb.vc_custom_1633955134339{padding-top: 0px !important;padding-bottom: 0px !important;background-color: #eaf1f9 !important;}\u00a0\u00bb][vc_column pix_particles_check=\u00a0\u00bb1&Prime; pix_particles=\u00a0\u00bb%5B%7B%22h_position%22%3A%22left%22%2C%22horizontal%22%3A%220%22%2C%22v_position%22%3A%22top%22%2C%22vertical%22%3A%220%22%2C%22pix_particles_type%22%3A%22scroll_parallax%22%2C%22pix_particles_type_2%22%3A%22mouse_parallax%22%2C%22pix_particles_type_3%22%3A%22scroll_rotate%22%2C%22depth%22%3A%220.2%22%2C%22xaxis%22%3A%22100%22%2C%22yaxis%22%3A%220%22%2C%22rotation_speed%22%3A%22300%22%2C%22pix_inverse_rotation%22%3A%22scroll_inverse%22%2C%22pix_infinite_speed%22%3A%22pix-duration-fast%22%2C%22hide%22%3A%22true%22%7D%5D\u00a0\u00bb css=\u00a0\u00bb.vc_custom_1633955151966{padding-top: 0px !important;padding-right: 40px !important;padding-bottom: 20px !important;padding-left: 40px !important;}\u00a0\u00bb][vc_row_inner css=\u00a0\u00bb.vc_custom_1590013670502{padding-top: 20px !important;}\u00a0\u00bb][vc_column_inner width=\u00a0\u00bb1\/2&Prime; content_align=\u00a0\u00bbtext-center\u00a0\u00bb]<div class=\"pix-content-box card      vc_custom_1591757998682    rounded-xl shadow-sm shadow-hover fly-sm animate-in bg- w-100 overflow-hidden \"  data-anim-type=\"fade-in-up\" data-anim-delay=\"200\"><div class=\"scene scene-over\"><\/div><div class=\"\" style=\"z-index:30;position:relative;\"><h3 class=\"d-inline-block mr-1 \"  ><span class=\"badge font-weight-bold secondary-font badge-pill bg-primary-light  vc_custom_1633955541870  \" style=\" \"><span class=\"text-primary\" style=\"\">1<\/span><\/span><\/h3><div  class=\"pix-heading-el text-center \"><div><div class=\"slide-in-container\"><div class=\"text-primary font-weight-bold heading-text el-title_custom_color mb-12\" style=\"font-size:24px;\" data-anim-type=\"\" data-anim-delay=\"0\">Saisie et suivi des MRN<\/div><\/div><\/div><\/div><div class=\"pix-el-text slide-in-container w-100  \" ><p class=\"text-sm  text-dark-opacity-5  \" >L\u2019outil ECS permet aux adh\u00e9rents du CIN de satisfaire aux obligations communautaires de d\u00e9claration des arriv\u00e9es de marchandises. Le CIN assure l\u2019interface entre les op\u00e9rateurs et la douane pour adresser les messages de notifications d\u2019arriv\u00e9e (NA) et de sortie (NS) des marchandises.<\/p><\/div>[vc_single_image image=\u00a0\u00bb3732&Prime; img_size=\u00a0\u00bbfull\u00a0\u00bb style=\u00a0\u00bbvc_box_shadow_border\u00a0\u00bb]<\/div><\/div>[\/vc_column_inner][vc_column_inner width=\u00a0\u00bb1\/2&Prime; content_align=\u00a0\u00bbtext-center\u00a0\u00bb]<div class=\"pix-content-box card  full-height    vc_custom_1633955774668    rounded-xl shadow-sm shadow-hover fly-sm animate-in bg- w-100 overflow-hidden \"  data-anim-type=\"fade-in-up\" data-anim-delay=\"200\"><div class=\"scene scene-over\"><\/div><div class=\"\" style=\"z-index:30;position:relative;\"><h3 class=\"d-inline-block mr-1 \"  ><span class=\"badge font-weight-bold secondary-font badge-pill bg-primary-light  vc_custom_1633955800195  \" style=\" \"><span class=\"text-primary\" style=\"\">2<\/span><\/span><\/h3><div  class=\"pix-heading-el text-center \"><div><div class=\"slide-in-container\"><div class=\"text-primary font-weight-bold heading-text el-title_custom_color mb-12\" style=\"font-size:24px;\" data-anim-type=\"\" data-anim-delay=\"0\">Demande de r\u00e9gularisation<\/div><\/div><\/div><\/div><div class=\"pix-el-text slide-in-container w-100  \" ><p class=\"text-sm  text-dark-opacity-5  \" >En cas d\u2019anomalie, le portail vous permet d\u2019adresser directement vos demandes de r\u00e9gularisation au service douanier concern\u00e9. Des emails sont alors envoy\u00e9s \u00e0 chaque participant afin de les informer de l\u2019avancement de la demande.<\/p><\/div>[vc_single_image image=\u00a0\u00bb3731&Prime; img_size=\u00a0\u00bbfull\u00a0\u00bb style=\u00a0\u00bbvc_box_shadow_border\u00a0\u00bb]<\/div><\/div>[\/vc_column_inner][\/vc_row_inner][\/vc_column][\/vc_row][\/vc_section][vc_row full_width=\u00a0\u00bbstretch_row\u00a0\u00bb equal_height=\u00a0\u00bbyes\u00a0\u00bb pix_particles_check=\u00a0\u00bb\u00a0\u00bb][vc_column width=\u00a0\u00bb1\/12&Prime;][\/vc_column][vc_column width=\u00a0\u00bb10\/12&Prime;]<div  class=\"pix-heading-el text-center  vc_custom_1631794187956\"><div><div class=\"slide-in-container\"><h3 class=\"text-secondary font-weight-bold heading-text el-title_custom_color mb-12\" style=\"\" data-anim-type=\"\" data-anim-delay=\"0\">D\u00e9couvrez nos articles ECS<\/h3><\/div><\/div><\/div><div class=\"row  \"><div class=\"col-xs-12 col-md-4 pix-mb-40\"><div class=\"pix-content-box pix-post-meta-element pix-post-meta-basic fly-sm2 d-flex align-content-between flex-wrap align-self-stretch rounded-lg shadow-sm overflow-hidden w-100  shadow-hover-sm2 shadow-sm2 bg-white  post-4361 post type-post status-publish format-standard has-post-thumbnail hentry category-actualite category-ecs\"  >\n\t\t\t\t<div class=\"d-flex align-items-start w-100\">\n\t\t\t\t\t<div class=\"w-100\"><div class=\"d-block \"><a href=\"https:\/\/cinfrance.fr\/index.php\/2025\/07\/10\/ecs-manuels-utilisateurs\/\"><div class=\" overflow-hidden position-relative d-block pix-fit-cover\" style=\"height:200px;width:100%;\"><img decoding=\"async\" width=\"300\" height=\"200\" src=\"https:\/\/cinfrance.fr\/wp-content\/uploads\/2025\/07\/manuel-ecs.png\" class=\"img-fluid  card-img-top pix-fit-cover2\" alt=\"ECS &#8211; Manuels utilisateurs\" style=\"height:200px;width:100%;object-fit: cover;\" loading=\"lazy\" \/><\/div><\/a><\/div><div class=\"d-block pix-p-20 position-relative\">\n\t\t\t\t\t\t\t<span class=\"pix-post-meta-categories d-inline-block text-sm pb-1 mb-1\"><a href=\"https:\/\/cinfrance.fr\/index.php\/category\/actualite\/\" target=\"_self\"><span class=\"d-inline-block mr-1 \"  ><span class=\"badge font-weight-bold bg-primary-light   \" style=\"font-size:12px; padding:5px 10px;line-height:12px;margin-right:3px;\"><span class=\"text-primary\" style=\"\">Actualit\u00e9<\/span><\/span><\/span><\/a><a href=\"https:\/\/cinfrance.fr\/index.php\/category\/fonctionnalite\/ecs\/\" target=\"_self\"><span class=\"d-inline-block mr-1 \"  ><span class=\"badge font-weight-bold bg-primary-light   \" style=\"font-size:12px; padding:5px 10px;line-height:12px;margin-right:3px;\"><span class=\"text-primary\" style=\"\">ECS<\/span><\/span><\/span><\/a><\/span>\n\t\t\t\t\t\t\t<a class=\"text-heading-default\" href=\"https:\/\/cinfrance.fr\/index.php\/2025\/07\/10\/ecs-manuels-utilisateurs\/\"><h5 class=\"card-title mb-2 secondary-font font-weight-bold\">ECS &#8211; Manuels utilisateurs<\/h5><\/a><a class=\"pix-post-meta-date text-sm mb-0 d-inline-block text-body-default svg-body-default\" href=\"https:\/\/cinfrance.fr\/index.php\/2025\/07\/10\/ecs-manuels-utilisateurs\/\"><span class=\"pr-1\">\n\t\t\t\t\t\t\t\t<svg xmlns=\"http:\/\/www.w3.org\/2000\/svg\" width=\"18\" height=\"18\" viewBox=\"0 0 18 18\">\n  <path d=\"M9,0 C13.95,0 18,4.05 18,9 C18,13.95 13.95,18 9,18 C4.05,18 0,13.95 0,9 C0,4.05 4.05,0 9,0 Z M9,16.2 C12.96,16.2 16.2,12.96 16.2,9 C16.2,5.04 12.96,1.8 9,1.8 C5.04,1.8 1.8,5.04 1.8,9 C1.8,12.96 5.04,16.2 9,16.2 Z M12.6,9.4 C13.26,9.4 13.8,9.64 13.8,10.3 C13.8,10.96 13.26,11.2 12.6,11.2 L7.8,11.2 L7.8,5.8 C7.8,5.14 8.04,4.6 8.7,4.6 C9.36,4.6 9.6,5.14 9.6,5.8 L9.6,9.4 L12.6,9.4 Z\"\/>\n<\/svg>\n\n\t\t\t\t\t\t\t\t<\/span><span class=\"text-body-default\">10 juillet 2025<\/span><\/a><\/div>\n\t\t\t\t\t<\/div>\n\t\t\t\t<\/div><\/div><\/div><\/div>\n[\/vc_column][vc_column width=\u00a0\u00bb1\/12&Prime;][\/vc_column][\/vc_row]<\/p>\n<\/div>","protected":false},"excerpt":{"rendered":"[vc_section full_width=\u00a0\u00bbstretch_row\u00a0\u00bb pix_over_visibility=\u00a0\u00bb\u00a0\u00bb responsive_css=\u00a0\u00bb{\u00ab\u00a0pix_res_sm_pt\u00ab\u00a0:\u00ab\u00a040\u00ab\u00a0,\u00ab\u00a0pix_res_sm_pb\u00ab\u00a0:\u00ab\u00a040\u00ab\u00a0,\u00ab\u00a0pix_res_md_pt\u00ab\u00a0:\u00ab\u00a040\u00ab\u00a0,\u00ab\u00a0pix_res_md_pb\u00ab\u00a0:\u00ab\u00a040\u00ab\u00a0}\u00a0\u00bb css=\u00a0\u00bb.vc_custom_1631799453043{padding-top: 0px !important;padding-bottom: 80px !important;}\u00a0\u00bb t_custom_height=\u00a0\u00bb300px\u00a0\u00bb b_custom_height=\u00a0\u00bb300px\u00a0\u00bb][vc_row pix_particles_check=\u00a0\u00bb\u00a0\u00bb][vc_column width=\u00a0\u00bb7\/12&Prime;][\/vc_column][vc_column width=\u00a0\u00bb5\/12&Prime; css=\u00a0\u00bb.vc_custom_1633947264785{margin-top: -34px !important;}\u00a0\u00bb][vc_single_image image=\u00a0\u00bb3729&Prime; img_size=\u00a0\u00bbfull\u00a0\u00bb css_animation=\u00a0\u00bbfadeIn\u00a0\u00bb][\/vc_column][\/vc_row][\/vc_section][vc_section full_width=\u00a0\u00bbstretch_row\u00a0\u00bb pix_scale_in=\u00a0\u00bbpix-scale-in-sm\u00a0\u00bb pix_over_visibility=\u00a0\u00bb\u00a0\u00bb css=\u00a0\u00bb.vc_custom_1633955263457{padding-top: 0px !important;background-color: #eaf1f9 !important;}\u00a0\u00bb][vc_row full_width=\u00a0\u00bbstretch_row\u00a0\u00bb content_placement=\u00a0\u00bbmiddle\u00a0\u00bb pix_over_visibility=\u00a0\u00bb2&Prime; pix_particles_check=\u00a0\u00bb\u00a0\u00bb css=\u00a0\u00bb.vc_custom_1633955134339{padding-top: 0px !important;padding-bottom: 0px !important;background-color: #eaf1f9 !important;}\u00a0\u00bb][vc_column pix_particles_check=\u00a0\u00bb1&Prime;&#8230;","protected":false},"author":1,"featured_media":0,"parent":0,"menu_order":0,"comment_status":"closed","ping_status":"closed","template":"","meta":{"footnotes":""},"class_list":["post-3668","page","type-page","status-publish","hentry"],"yoast_head":"<!-- This site is optimized with the Yoast SEO plugin v22.4 - https:\/\/yoast.com\/wordpress\/plugins\/seo\/ -->\n<title>ECS - CIN FRANCE<\/title>\n<meta name=\"robots\" content=\"noindex, follow, max-snippet:-1, max-image-preview:large, max-video-preview:-1\" \/>\n<meta property=\"og:locale\" content=\"fr_FR\" \/>\n<meta property=\"og:type\" content=\"article\" \/>\n<meta property=\"og:title\" content=\"ECS - CIN FRANCE\" \/>\n<meta property=\"og:description\" content=\"[vc_section full_width=\u00a0\u00bbstretch_row\u00a0\u00bb pix_over_visibility=\u00a0\u00bb\u00a0\u00bb responsive_css=\u00a0\u00bb{\u00ab\u00a0pix_res_sm_pt\u00ab\u00a0:\u00ab\u00a040\u00ab\u00a0,\u00ab\u00a0pix_res_sm_pb\u00ab\u00a0:\u00ab\u00a040\u00ab\u00a0,\u00ab\u00a0pix_res_md_pt\u00ab\u00a0:\u00ab\u00a040\u00ab\u00a0,\u00ab\u00a0pix_res_md_pb\u00ab\u00a0:\u00ab\u00a040\u00ab\u00a0}\u00a0\u00bb css=\u00a0\u00bb.vc_custom_1631799453043{padding-top: 0px !important;padding-bottom: 80px !important;}\u00a0\u00bb t_custom_height=\u00a0\u00bb300px\u00a0\u00bb b_custom_height=\u00a0\u00bb300px\u00a0\u00bb][vc_row pix_particles_check=\u00a0\u00bb\u00a0\u00bb][vc_column width=\u00a0\u00bb7\/12&Prime;][\/vc_column][vc_column width=\u00a0\u00bb5\/12&Prime; css=\u00a0\u00bb.vc_custom_1633947264785{margin-top: -34px !important;}\u00a0\u00bb][vc_single_image image=\u00a0\u00bb3729&Prime; img_size=\u00a0\u00bbfull\u00a0\u00bb css_animation=\u00a0\u00bbfadeIn\u00a0\u00bb][\/vc_column][\/vc_row][\/vc_section][vc_section full_width=\u00a0\u00bbstretch_row\u00a0\u00bb pix_scale_in=\u00a0\u00bbpix-scale-in-sm\u00a0\u00bb pix_over_visibility=\u00a0\u00bb\u00a0\u00bb css=\u00a0\u00bb.vc_custom_1633955263457{padding-top: 0px !important;background-color: #eaf1f9 !important;}\u00a0\u00bb][vc_row full_width=\u00a0\u00bbstretch_row\u00a0\u00bb content_placement=\u00a0\u00bbmiddle\u00a0\u00bb pix_over_visibility=\u00a0\u00bb2&Prime; pix_particles_check=\u00a0\u00bb\u00a0\u00bb css=\u00a0\u00bb.vc_custom_1633955134339{padding-top: 0px !important;padding-bottom: 0px !important;background-color: #eaf1f9 !important;}\u00a0\u00bb][vc_column pix_particles_check=\u00a0\u00bb1&Prime;...\" \/>\n<meta property=\"og:url\" content=\"https:\/\/cinfrance.fr\/index.php\/ecs\/\" \/>\n<meta property=\"og:site_name\" content=\"CIN FRANCE\" \/>\n<meta property=\"article:modified_time\" content=\"2021-11-15T10:45:54+00:00\" \/>\n<meta name=\"twitter:card\" content=\"summary_large_image\" \/>\n<meta name=\"twitter:label1\" content=\"Dur\u00e9e de lecture estim\u00e9e\" \/>\n\t<meta name=\"twitter:data1\" content=\"7 minutes\" \/>\n<script type=\"application\/ld+json\" class=\"yoast-schema-graph\">{\"@context\":\"https:\/\/schema.org\",\"@graph\":[{\"@type\":\"WebPage\",\"@id\":\"https:\/\/cinfrance.fr\/index.php\/ecs\/\",\"url\":\"https:\/\/cinfrance.fr\/index.php\/ecs\/\",\"name\":\"ECS - CIN FRANCE\",\"isPartOf\":{\"@id\":\"https:\/\/cinfrance.fr\/#website\"},\"datePublished\":\"2021-09-16T13:51:45+00:00\",\"dateModified\":\"2021-11-15T10:45:54+00:00\",\"breadcrumb\":{\"@id\":\"https:\/\/cinfrance.fr\/index.php\/ecs\/#breadcrumb\"},\"inLanguage\":\"fr-FR\",\"potentialAction\":[{\"@type\":\"ReadAction\",\"target\":[\"https:\/\/cinfrance.fr\/index.php\/ecs\/\"]}]},{\"@type\":\"BreadcrumbList\",\"@id\":\"https:\/\/cinfrance.fr\/index.php\/ecs\/#breadcrumb\",\"itemListElement\":[{\"@type\":\"ListItem\",\"position\":1,\"name\":\"Accueil\",\"item\":\"https:\/\/cinfrance.fr\/\"},{\"@type\":\"ListItem\",\"position\":2,\"name\":\"ECS\"}]},{\"@type\":\"WebSite\",\"@id\":\"https:\/\/cinfrance.fr\/#website\",\"url\":\"https:\/\/cinfrance.fr\/\",\"name\":\"CIN FRANCE\",\"description\":\"Cargo information network france\",\"potentialAction\":[{\"@type\":\"SearchAction\",\"target\":{\"@type\":\"EntryPoint\",\"urlTemplate\":\"https:\/\/cinfrance.fr\/?s={search_term_string}\"},\"query-input\":\"required name=search_term_string\"}],\"inLanguage\":\"fr-FR\"}]}<\/script>\n<!-- \/ Yoast SEO plugin. -->","yoast_head_json":{"title":"ECS - CIN FRANCE","robots":{"index":"noindex","follow":"follow","max-snippet":"max-snippet:-1","max-image-preview":"max-image-preview:large","max-video-preview":"max-video-preview:-1"},"og_locale":"fr_FR","og_type":"article","og_title":"ECS - CIN FRANCE","og_description":"[vc_section full_width=\u00a0\u00bbstretch_row\u00a0\u00bb pix_over_visibility=\u00a0\u00bb\u00a0\u00bb responsive_css=\u00a0\u00bb{\u00ab\u00a0pix_res_sm_pt\u00ab\u00a0:\u00ab\u00a040\u00ab\u00a0,\u00ab\u00a0pix_res_sm_pb\u00ab\u00a0:\u00ab\u00a040\u00ab\u00a0,\u00ab\u00a0pix_res_md_pt\u00ab\u00a0:\u00ab\u00a040\u00ab\u00a0,\u00ab\u00a0pix_res_md_pb\u00ab\u00a0:\u00ab\u00a040\u00ab\u00a0}\u00a0\u00bb css=\u00a0\u00bb.vc_custom_1631799453043{padding-top: 0px !important;padding-bottom: 80px !important;}\u00a0\u00bb t_custom_height=\u00a0\u00bb300px\u00a0\u00bb b_custom_height=\u00a0\u00bb300px\u00a0\u00bb][vc_row pix_particles_check=\u00a0\u00bb\u00a0\u00bb][vc_column width=\u00a0\u00bb7\/12&Prime;][\/vc_column][vc_column width=\u00a0\u00bb5\/12&Prime; css=\u00a0\u00bb.vc_custom_1633947264785{margin-top: -34px !important;}\u00a0\u00bb][vc_single_image image=\u00a0\u00bb3729&Prime; img_size=\u00a0\u00bbfull\u00a0\u00bb css_animation=\u00a0\u00bbfadeIn\u00a0\u00bb][\/vc_column][\/vc_row][\/vc_section][vc_section full_width=\u00a0\u00bbstretch_row\u00a0\u00bb pix_scale_in=\u00a0\u00bbpix-scale-in-sm\u00a0\u00bb pix_over_visibility=\u00a0\u00bb\u00a0\u00bb css=\u00a0\u00bb.vc_custom_1633955263457{padding-top: 0px !important;background-color: #eaf1f9 !important;}\u00a0\u00bb][vc_row full_width=\u00a0\u00bbstretch_row\u00a0\u00bb content_placement=\u00a0\u00bbmiddle\u00a0\u00bb pix_over_visibility=\u00a0\u00bb2&Prime; pix_particles_check=\u00a0\u00bb\u00a0\u00bb css=\u00a0\u00bb.vc_custom_1633955134339{padding-top: 0px !important;padding-bottom: 0px !important;background-color: #eaf1f9 !important;}\u00a0\u00bb][vc_column pix_particles_check=\u00a0\u00bb1&Prime;...","og_url":"https:\/\/cinfrance.fr\/index.php\/ecs\/","og_site_name":"CIN FRANCE","article_modified_time":"2021-11-15T10:45:54+00:00","twitter_card":"summary_large_image","twitter_misc":{"Dur\u00e9e de lecture estim\u00e9e":"7 minutes"},"schema":{"@context":"https:\/\/schema.org","@graph":[{"@type":"WebPage","@id":"https:\/\/cinfrance.fr\/index.php\/ecs\/","url":"https:\/\/cinfrance.fr\/index.php\/ecs\/","name":"ECS - CIN FRANCE","isPartOf":{"@id":"https:\/\/cinfrance.fr\/#website"},"datePublished":"2021-09-16T13:51:45+00:00","dateModified":"2021-11-15T10:45:54+00:00","breadcrumb":{"@id":"https:\/\/cinfrance.fr\/index.php\/ecs\/#breadcrumb"},"inLanguage":"fr-FR","potentialAction":[{"@type":"ReadAction","target":["https:\/\/cinfrance.fr\/index.php\/ecs\/"]}]},{"@type":"BreadcrumbList","@id":"https:\/\/cinfrance.fr\/index.php\/ecs\/#breadcrumb","itemListElement":[{"@type":"ListItem","position":1,"name":"Accueil","item":"https:\/\/cinfrance.fr\/"},{"@type":"ListItem","position":2,"name":"ECS"}]},{"@type":"WebSite","@id":"https:\/\/cinfrance.fr\/#website","url":"https:\/\/cinfrance.fr\/","name":"CIN FRANCE","description":"Cargo information network france","potentialAction":[{"@type":"SearchAction","target":{"@type":"EntryPoint","urlTemplate":"https:\/\/cinfrance.fr\/?s={search_term_string}"},"query-input":"required name=search_term_string"}],"inLanguage":"fr-FR"}]}},"jetpack_sharing_enabled":true,"_links":{"self":[{"href":"https:\/\/cinfrance.fr\/index.php\/wp-json\/wp\/v2\/pages\/3668","targetHints":{"allow":["GET"]}}],"collection":[{"href":"https:\/\/cinfrance.fr\/index.php\/wp-json\/wp\/v2\/pages"}],"about":[{"href":"https:\/\/cinfrance.fr\/index.php\/wp-json\/wp\/v2\/types\/page"}],"author":[{"embeddable":true,"href":"https:\/\/cinfrance.fr\/index.php\/wp-json\/wp\/v2\/users\/1"}],"replies":[{"embeddable":true,"href":"https:\/\/cinfrance.fr\/index.php\/wp-json\/wp\/v2\/comments?post=3668"}],"version-history":[{"count":18,"href":"https:\/\/cinfrance.fr\/index.php\/wp-json\/wp\/v2\/pages\/3668\/revisions"}],"predecessor-version":[{"id":3830,"href":"https:\/\/cinfrance.fr\/index.php\/wp-json\/wp\/v2\/pages\/3668\/revisions\/3830"}],"wp:attachment":[{"href":"https:\/\/cinfrance.fr\/index.php\/wp-json\/wp\/v2\/media?parent=3668"}],"curies":[{"name":"wp","href":"https:\/\/api.w.org\/{rel}","templated":true}]}}