{"id":3537,"date":"2021-09-15T12:06:01","date_gmt":"2021-09-15T10:06:01","guid":{"rendered":"https:\/\/cinfrance.fr\/?page_id=3537"},"modified":"2025-08-27T10:14:20","modified_gmt":"2025-08-27T08:14:20","slug":"nos-fonctionnalites","status":"publish","type":"page","link":"https:\/\/cinfrance.fr\/index.php\/nos-fonctionnalites\/","title":{"rendered":"Nos fonctionnalit\u00e9s"},"content":{"rendered":"<div class=\"wpb-content-wrapper\"><p>[vc_section full_width=\u00a0\u00bbstretch_row\u00a0\u00bb pix_over_visibility=\u00a0\u00bb\u00a0\u00bb css=\u00a0\u00bb.vc_custom_1633945571506{margin-top: -24px !important;padding-top: 0px !important;padding-bottom: 0px !important;background-color: #ffffff !important;border-radius: 10px !important;}\u00a0\u00bb][vc_row pix_particles_check=\u00a0\u00bb\u00a0\u00bb css=\u00a0\u00bb.vc_custom_1633941270237{padding-top: 0px !important;padding-bottom: 60px !important;}\u00a0\u00bb][vc_column width=\u00a0\u00bb2\/3&Prime;]<div class=\"mb-3 text-center  vc_custom_1633941521728\"><div class=\"d-inline-block\" style=\"max-width:600px;\"><h2 class=\"mb-32 pix-sliding-headline font-weight-bold secondary-font\" data-class=\"secondary-font text-gradient-primary\" data-style=\"\">D\u00e9couvrez toutes les fonctionnalit\u00e9s du CIN<\/h2><\/div><\/div>[vc_row_inner][vc_column_inner width=\u00a0\u00bb1\/2&Prime;]<div id=\"1633940513223-d6b29764-91bb\" class=\"text-left  vc_custom_1636972674394\"><div class=\"feature_img animate-in\" data-anim-type=\"fade-in-up\" data-anim-delay=\"\" style=\"width:74px;height:auto;display:inline-block;position:relative;\"><img decoding=\"async\" style=\"width:74px;height:74px;\" class=\"img-fluid2 pix-fit-cover2 pix-fit-contain  \" src=\"https:\/\/cinfrance.fr\/wp-content\/uploads\/2021\/11\/SDM.png\" alt=\"SDM\"><\/div><h6 class=\"font-weight-bold  secondary-font text-heading-default animate-in\" style=\"padding-top:20px;\" data-anim-type=\"fade-in-up\" data-anim-delay=\"100\">SDM<\/h6><div class=\"text-dark-opacity-5      animate-in\" style=\"padding-top:10px;\" data-anim-type=\"fade-in-up\" data-anim-delay=\"200\">Le Suivi D\u00e9mat\u00e9rialis\u00e9 des Marchandises (SDM) permet d&rsquo;avoir une tra\u00e7abilit\u00e9 compl\u00e8te des marchandises sur le territoire fran\u00e7ais inter et intra plateformes a\u00e9roportuaires.<br \/>\nL&rsquo;alimentation de ce module peut se faire en mode EDI ou par notre outil Quicky.<\/div><\/div><div class=\"d-block w-100 text-right\"><a  href=\"index.php\/sdm\/\" class=\"btn mb-2    vc_custom_1634041925549  btn-primary d-inline-block pix-hover-item       animate-in pix-btn-div btn-sm\"   data-anim-type=\"fade-in-up\" data-anim-delay=\"400\" ><span class=\"font-weight-bold \" >D\u00e9couvrir<\/span> <i class=\"font-weight-bold pixicon-angle-right  pix-hover-right  ml-1\"><\/i><\/a><\/div><div id=\"1633940513303-b36a0564-08b2\" class=\"text-left  vc_custom_1634028085017\"><div class=\"feature_img animate-in\" data-anim-type=\"fade-in-up\" data-anim-delay=\"\" style=\"width:74px;height:auto;display:inline-block;position:relative;\"><img decoding=\"async\" style=\"width:74px;height:74px;\" class=\"img-fluid2 pix-fit-cover2 pix-fit-contain  \" src=\"https:\/\/cinfrance.fr\/wp-content\/uploads\/2021\/10\/quicky@2x.png\" alt=\"QUICKY\"><\/div><h6 class=\"font-weight-bold  secondary-font text-heading-default animate-in\" style=\"padding-top:20px;\" data-anim-type=\"fade-in-up\" data-anim-delay=\"100\">QUICKY<\/h6><div class=\"text-dark-opacity-5      animate-in\" style=\"padding-top:10px;\" data-anim-type=\"fade-in-up\" data-anim-delay=\"200\">Ce module permet de cr\u00e9er et d&rsquo;envoyer des messages \u00e0 l&rsquo;application du CIN afin de faire de l&rsquo;ICS ou du SDM. Il permets aussi aux camionneurs de d\u00e9clarer les vols camionn\u00e9s en provenance de Grande Bretagne..<\/div><\/div><div class=\"d-block w-100 text-right\"><a  href=\"index.php\/quicky\/\" class=\"btn mb-2     btn-primary d-inline-block pix-hover-item       animate-in pix-btn-div btn-sm\"   data-anim-type=\"fade-in-up\" data-anim-delay=\"400\" ><span class=\"font-weight-bold \" >D\u00e9couvrir<\/span> <i class=\"font-weight-bold pixicon-angle-right  pix-hover-right  ml-1\"><\/i><\/a><\/div><div id=\"1633944050954-a962f153-f642\" class=\"text-left  vc_custom_1634028355846\"><div class=\"feature_img animate-in\" data-anim-type=\"fade-in-up\" data-anim-delay=\"\" style=\"width:74px;height:auto;display:inline-block;position:relative;\"><img decoding=\"async\" style=\"width:74px;height:74px;\" class=\"img-fluid2 pix-fit-cover2 pix-fit-contain  \" src=\"https:\/\/cinfrance.fr\/wp-content\/uploads\/2021\/10\/statistiques.png\" alt=\"Statistiques\"><\/div><h6 class=\"font-weight-bold  secondary-font text-heading-default animate-in\" style=\"padding-top:20px;\" data-anim-type=\"fade-in-up\" data-anim-delay=\"100\">Statistiques<\/h6><div class=\"text-dark-opacity-5      animate-in\" style=\"padding-top:10px;\" data-anim-type=\"fade-in-up\" data-anim-delay=\"200\">Ce module permet d&rsquo;obtenir des informations sur vos marchandises (d\u00e9lai de traitement douanier, de s\u00e9jour, de statuts&#8230;) ainsi qu&rsquo;une vue globale sur l&rsquo;ensemble des op\u00e9rateurs.<br \/>\nUn module sp\u00e9cifique pour les gestionnaires d&rsquo;a\u00e9roport est \u00e9galement d\u00e9veloppe afin d&rsquo;obtenir des statistiques sur les marchandises transitant sur la plateforme concern\u00e9e.<\/div><\/div><div class=\"d-block w-100 text-right\"><a  href=\"index.php\/statistiques-2\" class=\"btn mb-2     btn-primary d-inline-block pix-hover-item       animate-in pix-btn-div btn-sm\"   data-anim-type=\"fade-in-up\" data-anim-delay=\"400\" ><span class=\"font-weight-bold \" >D\u00e9couvrir<\/span> <i class=\"font-weight-bold pixicon-angle-right  pix-hover-right  ml-1\"><\/i><\/a><\/div><div id=\"1633940513262-a4987cc4-9e13\" class=\"text-left  vc_custom_1634028436526\"><div class=\"feature_img animate-in\" data-anim-type=\"fade-in-up\" data-anim-delay=\"\" style=\"width:74px;height:auto;display:inline-block;position:relative;\"><img decoding=\"async\" style=\"width:74px;height:74px;\" class=\"img-fluid2 pix-fit-cover2 pix-fit-contain  \" src=\"https:\/\/cinfrance.fr\/wp-content\/uploads\/2021\/10\/ecs.png\" alt=\"ECS\"><\/div><h6 class=\"font-weight-bold  secondary-font text-heading-default animate-in\" style=\"padding-top:20px;\" data-anim-type=\"fade-in-up\" data-anim-delay=\"100\">ECS<\/h6><div class=\"text-dark-opacity-5      animate-in\" style=\"padding-top:10px;\" data-anim-type=\"fade-in-up\" data-anim-delay=\"200\">L&rsquo;export Control System (ECS) permet d&rsquo;obtenir l&rsquo;apurement de vos MRN export en temps r\u00e9el d\u00e8s le d\u00e9part du moyen de transport. L&rsquo;alimentation de ce module peut se faire par le portail du CIN ou en mode EDI.<\/div><\/div><div class=\"d-block w-100 text-right\"><a  href=\"index.php\/ecs\" class=\"btn mb-2     btn-primary d-inline-block pix-hover-item       animate-in pix-btn-div btn-sm\"   data-anim-type=\"fade-in-up\" data-anim-delay=\"400\" ><span class=\"font-weight-bold \" >D\u00e9couvrir<\/span> <i class=\"font-weight-bold pixicon-angle-right  pix-hover-right  ml-1\"><\/i><\/a><\/div>[\/vc_column_inner][vc_column_inner width=\u00a0\u00bb1\/2&Prime;]<div id=\"1633940513379-0c5ffa96-785d\" class=\"text-left  vc_custom_1634049565443\"><div class=\"feature_img animate-in\" data-anim-type=\"fade-in-up\" data-anim-delay=\"\" style=\"width:74px;height:auto;display:inline-block;position:relative;\"><img decoding=\"async\" style=\"width:74px;height:74px;\" class=\"img-fluid2 pix-fit-cover2 pix-fit-contain  \" src=\"https:\/\/cinfrance.fr\/wp-content\/uploads\/2021\/10\/demande-op@2x.png\" alt=\"Demandes D\u00e9mat\u00e9rialis\u00e9es\"><\/div><h6 class=\"font-weight-bold  secondary-font text-heading-default animate-in\" style=\"padding-top:20px;\" data-anim-type=\"fade-in-up\" data-anim-delay=\"100\">Demandes D\u00e9mat\u00e9rialis\u00e9es<\/h6><div class=\"text-dark-opacity-5      animate-in\" style=\"padding-top:10px;\" data-anim-type=\"fade-in-up\" data-anim-delay=\"200\">Ce module permet de faire des demandes de Destruction, R\u00e9\u00e9tiquetage, Reconditionnement et de Remise \u00e0 l&rsquo;int\u00e9rieur directement \u00e0 la Douane. L&rsquo;ouverture de ce module est soumis \u00e0 l&rsquo;accord pr\u00e9alable de la Douane. statut (marchandises Union ou non Union).<\/div><\/div><div id=\"1633940513471-8acf7ef8-ec93\" class=\"text-left  vc_custom_1634028280184\"><div class=\"feature_img animate-in\" data-anim-type=\"fade-in-up\" data-anim-delay=\"\" style=\"width:74px;height:auto;display:inline-block;position:relative;\"><img decoding=\"async\" style=\"width:74px;height:74px;\" class=\"img-fluid2 pix-fit-cover2 pix-fit-contain  \" src=\"https:\/\/cinfrance.fr\/wp-content\/uploads\/2021\/10\/delta-t@.png\" alt=\"DELTA T\"><\/div><h6 class=\"font-weight-bold  secondary-font text-heading-default animate-in\" style=\"padding-top:20px;\" data-anim-type=\"fade-in-up\" data-anim-delay=\"100\">DELTA T<\/h6><div class=\"text-dark-opacity-5      animate-in\" style=\"padding-top:10px;\" data-anim-type=\"fade-in-up\" data-anim-delay=\"200\">Ce module permet de cr\u00e9er une demande de titre de transit (T1) et d&rsquo;en faire l&rsquo;arriv\u00e9e pour obtenir son apurement. Ce module est soumis \u00e0 des conditions particuli\u00e8res d&rsquo;abonnement.<\/div><\/div><div class=\"d-block w-100 text-right\"><a  href=\"\/index.php\/delta-t\/\" class=\"btn mb-2    vc_custom_1634049655252  btn-primary d-inline-block pix-hover-item       animate-in pix-btn-div btn-sm\"   data-anim-type=\"fade-in-up\" data-anim-delay=\"400\" ><span class=\"font-weight-bold \" >D\u00e9couvrir<\/span> <i class=\"font-weight-bold pixicon-angle-right  pix-hover-right  ml-1\"><\/i><\/a><\/div><div id=\"1633940513424-436a531c-bf7d\" class=\"text-left  vc_custom_1634028391709\"><div class=\"feature_img animate-in\" data-anim-type=\"fade-in-up\" data-anim-delay=\"\" style=\"width:74px;height:auto;display:inline-block;position:relative;\"><img decoding=\"async\" style=\"width:74px;height:74px;\" class=\"img-fluid2 pix-fit-cover2 pix-fit-contain  \" src=\"https:\/\/cinfrance.fr\/wp-content\/uploads\/2021\/10\/ics.png\" alt=\"ICS\"><\/div><h6 class=\"font-weight-bold  secondary-font text-heading-default animate-in\" style=\"padding-top:20px;\" data-anim-type=\"fade-in-up\" data-anim-delay=\"100\">ICS<\/h6><div class=\"text-dark-opacity-5      animate-in\" style=\"padding-top:10px;\" data-anim-type=\"fade-in-up\" data-anim-delay=\"200\">L&rsquo;import control system (ICS) permet de faire les d\u00e9clarations de suret\u00e9\/s\u00e9curit\u00e9 des marchandises tierces entrant dans le territoire Fran\u00e7ais afin de r\u00e9pondre \u00e0 la l\u00e9gislation en vigueur.L&rsquo;alimentation de ce module peut se faire par en mode EDI ou par notre outil Quicky.<\/div><\/div><div class=\"d-block w-100 text-right\"><a  href=\"index.php\/ics\/\" class=\"btn mb-2     btn-primary d-inline-block pix-hover-item       animate-in pix-btn-div btn-sm\"   data-anim-type=\"fade-in-up\" data-anim-delay=\"400\" ><span class=\"font-weight-bold \" >D\u00e9couvrir<\/span> <i class=\"font-weight-bold pixicon-angle-right  pix-hover-right  ml-1\"><\/i><\/a><\/div>[\/vc_column_inner][\/vc_row_inner]<div class=\"pix-element-div w-100 text-center\"><h6 class=\"d-inline-block mr-1 animate-in\" data-anim-type=\"fade-in-up\" data-anim-delay=\"0\"><span class=\"badge font-weight-bold secondary-font bg-gray-2  vc_custom_1633944793208  \" style=\" \"><span class=\"text-heading-default\" style=\"\">A venir<\/span><\/span><\/h6><\/div>[vc_row_inner][vc_column_inner width=\u00a0\u00bb1\/2&Prime;]<div id=\"1633944804450-f1687517-4b82\" class=\"text-left  vc_custom_1756282352561\"><div class=\"feature_img animate-in\" data-anim-type=\"fade-in-up\" data-anim-delay=\"\" style=\"width:74px;height:auto;display:inline-block;position:relative;\"><img decoding=\"async\" style=\"width:74px;height:74px;\" class=\"img-fluid2 pix-fit-cover2 pix-fit-contain  \" src=\"https:\/\/cinfrance.fr\/wp-content\/uploads\/2021\/11\/e-DGD.png\" alt=\"AES\"><\/div><h6 class=\"font-weight-bold  secondary-font text-heading-default animate-in\" style=\"padding-top:20px;\" data-anim-type=\"fade-in-up\" data-anim-delay=\"100\">AES<\/h6><div class=\"text-dark-opacity-5      animate-in\" style=\"padding-top:10px;\" data-anim-type=\"fade-in-up\" data-anim-delay=\"200\">AES (Automated Export System) concerne la refonte du module ECS existant aujourd&rsquo;hui dans le CIN. Cette refonte douani\u00e8re Europ\u00e9enne a pour but d&rsquo;homog\u00e9n\u00e9iser les formalit\u00e9s douani\u00e8res dans toute l&rsquo;Europe et apporter plus de tra\u00e7abilit\u00e9s \u00e0 la marchandise. AES sera mise en place \u00e0 partir du 15 Octobre 2025. Ce module est actuellement en phase d&rsquo;exp\u00e9rimentation.<\/div><\/div>[\/vc_column_inner][vc_column_inner width=\u00a0\u00bb1\/2&Prime;]<div id=\"1633944804459-5010cc7c-f748\" class=\"text-left  vc_custom_1756282431964\"><div class=\"feature_img animate-in\" data-anim-type=\"fade-in-up\" data-anim-delay=\"\" style=\"width:74px;height:auto;display:inline-block;position:relative;\"><img decoding=\"async\" style=\"width:74px;height:74px;\" class=\"img-fluid2 pix-fit-cover2 pix-fit-contain  \" src=\"https:\/\/cinfrance.fr\/wp-content\/uploads\/2021\/11\/demande-op.png\" alt=\"Refonte du tableau de bord\"><\/div><h6 class=\"font-weight-bold  secondary-font text-heading-default animate-in\" style=\"padding-top:20px;\" data-anim-type=\"fade-in-up\" data-anim-delay=\"100\">Refonte du tableau de bord<\/h6><div class=\"text-dark-opacity-6      animate-in\" style=\"padding-top:10px;\" data-anim-type=\"fade-in-up\" data-anim-delay=\"200\">Le CIN est actuellement en train de travailler sur le tableau de bord\/Accueil du portail. En effet, le but est de remettre en place la recherche de r\u00e9f\u00e9rence sur l&rsquo;ensemble des modules du CIN ainsi que de donner des statistiques pertinentes pour chacun des utilisateurs. <\/div><\/div>[\/vc_column_inner][\/vc_row_inner][\/vc_column][vc_column width=\u00a0\u00bb1\/3&Prime; content_align=\u00a0\u00bbtext-center\u00a0\u00bb]<div class=\"d-inline-block \" ><div class=\"animate-in  d-inline-block\" data-anim-type=\"fade-in-up-big\" data-anim-delay=\"400\"><div class=\"pix-img-el  vc_custom_1633942374705   text-center d-inline-block  w-100 rounded-0\"  data-jarallax-element=\"100 \"><img loading=\"lazy\" decoding=\"async\" class=\"card-img2 pix-img-elem rounded-0  h-1002\" style=\"height:auto;\" width=\"1800\" height=\"747\" srcset=\"https:\/\/cinfrance.fr\/wp-content\/uploads\/2021\/10\/cin-screens.png 1800w, https:\/\/cinfrance.fr\/wp-content\/uploads\/2021\/10\/cin-screens-300x125.png 300w, https:\/\/cinfrance.fr\/wp-content\/uploads\/2021\/10\/cin-screens-1024x425.png 1024w, https:\/\/cinfrance.fr\/wp-content\/uploads\/2021\/10\/cin-screens-768x319.png 768w, https:\/\/cinfrance.fr\/wp-content\/uploads\/2021\/10\/cin-screens-1536x637.png 1536w\" sizes=\"auto, (max-width: 1800px) 100vw, 1800px\" src=\"https:\/\/cinfrance.fr\/wp-content\/uploads\/2021\/10\/cin-screens.png\" alt=\"\" \/><\/div><\/div><\/div><div class=\"pix-content-box card      vc_custom_1588952850833    rounded-lg shadow-lg shadow-hover-lg fly-sm animate-in bg- w-100  \"  data-anim-type=\"fade-in-up\" data-anim-delay=\"0\"><div class=\"\" style=\"z-index:30;position:relative;\"><div id=\"duo-icon-88954422\" class=\"slide-in-container w-100  \" ><div class=\"py-2 animate-in\" data-anim-type=\"fade-in-up\" data-anim-delay=\"0\"><div class=\"pix-feature-list text-sm  font-weight-bold     py-2 d-flex align-items-center\" ><a href=\"http:\/\/10.94.6.35\/index.php\/sdm-2\/\" target=\"\"><i class=\"fas fa-boxes mr-2 text-gradient-primary\" ><\/i><span class=\"text-heading-default\">SDM<\/span><\/a><\/div><div class=\"pix-feature-list text-sm  font-weight-bold     py-2 d-flex align-items-center\" ><a href=\"http:\/\/10.94.6.35\/index.php\/ecs\/\" target=\"\"><i class=\"fas fa-sign-out-alt mr-2 text-gradient-primary\" ><\/i><span class=\"text-heading-default\">ECS<\/span><\/a><\/div><div class=\"pix-feature-list text-sm  font-weight-bold     py-2 d-flex align-items-center\" ><a href=\"http:\/\/10.94.6.35\/index.php\/ics\/\" target=\"\"><i class=\"fas fa-sign-in-alt mr-2 text-gradient-primary\" ><\/i><span class=\"text-heading-default\">ICS<\/span><\/a><\/div><div class=\"pix-feature-list text-sm  font-weight-bold     py-2 d-flex align-items-center\" ><a href=\"http:\/\/10.94.6.35\/index.php\/quicky\/\" target=\"\"><i class=\"fab fa-telegram-plane mr-2 text-gradient-primary\" ><\/i><span class=\"text-heading-default\">QUICKY<\/span><\/a><\/div><div class=\"pix-feature-list text-sm  font-weight-bold     py-2 d-flex align-items-center\" ><a href=\"http:\/\/10.94.6.35\/index.php\/delta-t\/\" target=\"\"><i class=\"fas fa-truck mr-2 text-gradient-primary\" ><\/i><span class=\"text-heading-default\">DELTA T<\/span><\/a><\/div><div class=\"pix-feature-list text-sm  font-weight-bold     py-2 d-flex align-items-center\" ><a href=\"http:\/\/10.94.6.35\/index.php\/statistiques\/\" target=\"\"><i class=\"fas fa-chart-pie mr-2 text-gradient-primary\" ><\/i><span class=\"text-heading-default\">Statistiques<\/span><\/a><\/div><\/div><\/div><\/div><\/div>[\/vc_column][\/vc_row][\/vc_section]<\/p>\n<\/div>","protected":false},"excerpt":{"rendered":"[vc_section full_width=\u00a0\u00bbstretch_row\u00a0\u00bb pix_over_visibility=\u00a0\u00bb\u00a0\u00bb css=\u00a0\u00bb.vc_custom_1633945571506{margin-top: -24px !important;padding-top: 0px !important;padding-bottom: 0px !important;background-color: #ffffff !important;border-radius: 10px !important;}\u00a0\u00bb][vc_row pix_particles_check=\u00a0\u00bb\u00a0\u00bb css=\u00a0\u00bb.vc_custom_1633941270237{padding-top: 0px !important;padding-bottom: 60px !important;}\u00a0\u00bb][vc_column width=\u00a0\u00bb2\/3&Prime;][vc_row_inner][vc_column_inner width=\u00a0\u00bb1\/2&Prime;][\/vc_column_inner][vc_column_inner width=\u00a0\u00bb1\/2&Prime;][\/vc_column_inner][\/vc_row_inner][vc_row_inner][vc_column_inner width=\u00a0\u00bb1\/2&Prime;][\/vc_column_inner][vc_column_inner width=\u00a0\u00bb1\/2&Prime;][\/vc_column_inner][\/vc_row_inner][\/vc_column][vc_column width=\u00a0\u00bb1\/3&Prime; content_align=\u00a0\u00bbtext-center\u00a0\u00bb][\/vc_column][\/vc_row][\/vc_section]","protected":false},"author":1,"featured_media":0,"parent":0,"menu_order":0,"comment_status":"closed","ping_status":"closed","template":"","meta":{"footnotes":""},"class_list":["post-3537","page","type-page","status-publish","hentry"],"yoast_head":"<!-- This site is optimized with the Yoast SEO plugin v22.4 - https:\/\/yoast.com\/wordpress\/plugins\/seo\/ -->\n<title>Nos fonctionnalit\u00e9s - CIN FRANCE<\/title>\n<meta name=\"robots\" content=\"noindex, follow, max-snippet:-1, max-image-preview:large, max-video-preview:-1\" \/>\n<meta property=\"og:locale\" content=\"fr_FR\" \/>\n<meta property=\"og:type\" content=\"article\" \/>\n<meta property=\"og:title\" content=\"Nos fonctionnalit\u00e9s - CIN FRANCE\" \/>\n<meta property=\"og:description\" content=\"[vc_section full_width=\u00a0\u00bbstretch_row\u00a0\u00bb pix_over_visibility=\u00a0\u00bb\u00a0\u00bb css=\u00a0\u00bb.vc_custom_1633945571506{margin-top: -24px !important;padding-top: 0px !important;padding-bottom: 0px !important;background-color: #ffffff !important;border-radius: 10px !important;}\u00a0\u00bb][vc_row pix_particles_check=\u00a0\u00bb\u00a0\u00bb css=\u00a0\u00bb.vc_custom_1633941270237{padding-top: 0px !important;padding-bottom: 60px !important;}\u00a0\u00bb][vc_column width=\u00a0\u00bb2\/3&Prime;][vc_row_inner][vc_column_inner width=\u00a0\u00bb1\/2&Prime;][\/vc_column_inner][vc_column_inner width=\u00a0\u00bb1\/2&Prime;][\/vc_column_inner][\/vc_row_inner][vc_row_inner][vc_column_inner width=\u00a0\u00bb1\/2&Prime;][\/vc_column_inner][vc_column_inner width=\u00a0\u00bb1\/2&Prime;][\/vc_column_inner][\/vc_row_inner][\/vc_column][vc_column width=\u00a0\u00bb1\/3&Prime; content_align=\u00a0\u00bbtext-center\u00a0\u00bb][\/vc_column][\/vc_row][\/vc_section]\" \/>\n<meta property=\"og:url\" content=\"https:\/\/cinfrance.fr\/index.php\/nos-fonctionnalites\/\" \/>\n<meta property=\"og:site_name\" content=\"CIN FRANCE\" \/>\n<meta property=\"article:modified_time\" content=\"2025-08-27T08:14:20+00:00\" \/>\n<meta name=\"twitter:card\" content=\"summary_large_image\" \/>\n<meta name=\"twitter:label1\" content=\"Dur\u00e9e de lecture estim\u00e9e\" \/>\n\t<meta name=\"twitter:data1\" content=\"8 minutes\" \/>\n<script type=\"application\/ld+json\" class=\"yoast-schema-graph\">{\"@context\":\"https:\/\/schema.org\",\"@graph\":[{\"@type\":\"WebPage\",\"@id\":\"https:\/\/cinfrance.fr\/index.php\/nos-fonctionnalites\/\",\"url\":\"https:\/\/cinfrance.fr\/index.php\/nos-fonctionnalites\/\",\"name\":\"Nos fonctionnalit\u00e9s - CIN FRANCE\",\"isPartOf\":{\"@id\":\"https:\/\/cinfrance.fr\/#website\"},\"datePublished\":\"2021-09-15T10:06:01+00:00\",\"dateModified\":\"2025-08-27T08:14:20+00:00\",\"breadcrumb\":{\"@id\":\"https:\/\/cinfrance.fr\/index.php\/nos-fonctionnalites\/#breadcrumb\"},\"inLanguage\":\"fr-FR\",\"potentialAction\":[{\"@type\":\"ReadAction\",\"target\":[\"https:\/\/cinfrance.fr\/index.php\/nos-fonctionnalites\/\"]}]},{\"@type\":\"BreadcrumbList\",\"@id\":\"https:\/\/cinfrance.fr\/index.php\/nos-fonctionnalites\/#breadcrumb\",\"itemListElement\":[{\"@type\":\"ListItem\",\"position\":1,\"name\":\"Accueil\",\"item\":\"https:\/\/cinfrance.fr\/\"},{\"@type\":\"ListItem\",\"position\":2,\"name\":\"Nos fonctionnalit\u00e9s\"}]},{\"@type\":\"WebSite\",\"@id\":\"https:\/\/cinfrance.fr\/#website\",\"url\":\"https:\/\/cinfrance.fr\/\",\"name\":\"CIN FRANCE\",\"description\":\"Cargo information network france\",\"potentialAction\":[{\"@type\":\"SearchAction\",\"target\":{\"@type\":\"EntryPoint\",\"urlTemplate\":\"https:\/\/cinfrance.fr\/?s={search_term_string}\"},\"query-input\":\"required name=search_term_string\"}],\"inLanguage\":\"fr-FR\"}]}<\/script>\n<!-- \/ Yoast SEO plugin. -->","yoast_head_json":{"title":"Nos fonctionnalit\u00e9s - CIN FRANCE","robots":{"index":"noindex","follow":"follow","max-snippet":"max-snippet:-1","max-image-preview":"max-image-preview:large","max-video-preview":"max-video-preview:-1"},"og_locale":"fr_FR","og_type":"article","og_title":"Nos fonctionnalit\u00e9s - CIN FRANCE","og_description":"[vc_section full_width=\u00a0\u00bbstretch_row\u00a0\u00bb pix_over_visibility=\u00a0\u00bb\u00a0\u00bb css=\u00a0\u00bb.vc_custom_1633945571506{margin-top: -24px !important;padding-top: 0px !important;padding-bottom: 0px !important;background-color: #ffffff !important;border-radius: 10px !important;}\u00a0\u00bb][vc_row pix_particles_check=\u00a0\u00bb\u00a0\u00bb css=\u00a0\u00bb.vc_custom_1633941270237{padding-top: 0px !important;padding-bottom: 60px !important;}\u00a0\u00bb][vc_column width=\u00a0\u00bb2\/3&Prime;][vc_row_inner][vc_column_inner width=\u00a0\u00bb1\/2&Prime;][\/vc_column_inner][vc_column_inner width=\u00a0\u00bb1\/2&Prime;][\/vc_column_inner][\/vc_row_inner][vc_row_inner][vc_column_inner width=\u00a0\u00bb1\/2&Prime;][\/vc_column_inner][vc_column_inner width=\u00a0\u00bb1\/2&Prime;][\/vc_column_inner][\/vc_row_inner][\/vc_column][vc_column width=\u00a0\u00bb1\/3&Prime; content_align=\u00a0\u00bbtext-center\u00a0\u00bb][\/vc_column][\/vc_row][\/vc_section]","og_url":"https:\/\/cinfrance.fr\/index.php\/nos-fonctionnalites\/","og_site_name":"CIN FRANCE","article_modified_time":"2025-08-27T08:14:20+00:00","twitter_card":"summary_large_image","twitter_misc":{"Dur\u00e9e de lecture estim\u00e9e":"8 minutes"},"schema":{"@context":"https:\/\/schema.org","@graph":[{"@type":"WebPage","@id":"https:\/\/cinfrance.fr\/index.php\/nos-fonctionnalites\/","url":"https:\/\/cinfrance.fr\/index.php\/nos-fonctionnalites\/","name":"Nos fonctionnalit\u00e9s - CIN FRANCE","isPartOf":{"@id":"https:\/\/cinfrance.fr\/#website"},"datePublished":"2021-09-15T10:06:01+00:00","dateModified":"2025-08-27T08:14:20+00:00","breadcrumb":{"@id":"https:\/\/cinfrance.fr\/index.php\/nos-fonctionnalites\/#breadcrumb"},"inLanguage":"fr-FR","potentialAction":[{"@type":"ReadAction","target":["https:\/\/cinfrance.fr\/index.php\/nos-fonctionnalites\/"]}]},{"@type":"BreadcrumbList","@id":"https:\/\/cinfrance.fr\/index.php\/nos-fonctionnalites\/#breadcrumb","itemListElement":[{"@type":"ListItem","position":1,"name":"Accueil","item":"https:\/\/cinfrance.fr\/"},{"@type":"ListItem","position":2,"name":"Nos fonctionnalit\u00e9s"}]},{"@type":"WebSite","@id":"https:\/\/cinfrance.fr\/#website","url":"https:\/\/cinfrance.fr\/","name":"CIN FRANCE","description":"Cargo information network france","potentialAction":[{"@type":"SearchAction","target":{"@type":"EntryPoint","urlTemplate":"https:\/\/cinfrance.fr\/?s={search_term_string}"},"query-input":"required name=search_term_string"}],"inLanguage":"fr-FR"}]}},"jetpack_sharing_enabled":true,"_links":{"self":[{"href":"https:\/\/cinfrance.fr\/index.php\/wp-json\/wp\/v2\/pages\/3537","targetHints":{"allow":["GET"]}}],"collection":[{"href":"https:\/\/cinfrance.fr\/index.php\/wp-json\/wp\/v2\/pages"}],"about":[{"href":"https:\/\/cinfrance.fr\/index.php\/wp-json\/wp\/v2\/types\/page"}],"author":[{"embeddable":true,"href":"https:\/\/cinfrance.fr\/index.php\/wp-json\/wp\/v2\/users\/1"}],"replies":[{"embeddable":true,"href":"https:\/\/cinfrance.fr\/index.php\/wp-json\/wp\/v2\/comments?post=3537"}],"version-history":[{"count":27,"href":"https:\/\/cinfrance.fr\/index.php\/wp-json\/wp\/v2\/pages\/3537\/revisions"}],"predecessor-version":[{"id":4575,"href":"https:\/\/cinfrance.fr\/index.php\/wp-json\/wp\/v2\/pages\/3537\/revisions\/4575"}],"wp:attachment":[{"href":"https:\/\/cinfrance.fr\/index.php\/wp-json\/wp\/v2\/media?parent=3537"}],"curies":[{"name":"wp","href":"https:\/\/api.w.org\/{rel}","templated":true}]}}